CRAN Package Check Results for Package NlsyLinks

Last updated on 2020-07-08 13:50:06 CEST.

Flavor Version Tinstall Tcheck Ttotal Status Flags
r-devel-linux-x86_64-debian-clang 2.0.6 6.94 126.00 132.94 OK
r-devel-linux-x86_64-debian-gcc 2.0.6 5.67 104.70 110.37 OK
r-devel-linux-x86_64-fedora-clang 2.0.6 170.23 NOTE
r-devel-linux-x86_64-fedora-gcc 2.0.6 165.13 OK
r-devel-windows-ix86+x86_64 2.0.6 11.00 152.00 163.00 NOTE
r-patched-linux-x86_64 2.0.6 7.31 124.47 131.78 OK
r-patched-solaris-x86 2.0.6 403.10 NOTE
r-release-linux-x86_64 2.0.6 6.68 124.65 131.33 OK
r-release-osx-x86_64 2.0.6 NOTE
r-release-windows-ix86+x86_64 2.0.6 14.00 148.00 162.00 NOTE
r-oldrel-osx-x86_64 2.0.6 NOTE
r-oldrel-windows-ix86+x86_64 2.0.6 15.00 203.00 218.00 NOTE

Check Details

Version: 2.0.6
Check: installed package size
Result: NOTE
     installed size is 8.6Mb
     sub-directories of 1Mb or more:
     data 4.3Mb
     reports 2.3Mb
Flavors: r-devel-linux-x86_64-fedora-clang, r-devel-windows-ix86+x86_64, r-patched-solaris-x86, r-release-osx-x86_64, r-release-windows-ix86+x86_64, r-oldrel-osx-x86_64, r-oldrel-windows-ix86+x86_64