Last updated on 2021-04-13 06:46:57 CEST.
Flavor | Version | Tinstall | Tcheck | Ttotal | Status | Flags |
---|---|---|---|---|---|---|
r-devel-linux-x86_64-debian-clang | 0.1.0 | 6.64 | 82.19 | 88.83 | NOTE | |
r-devel-linux-x86_64-debian-gcc | 0.1.0 | 4.88 | 63.78 | 68.66 | NOTE | |
r-devel-linux-x86_64-fedora-clang | 0.1.0 | 117.37 | NOTE | |||
r-devel-linux-x86_64-fedora-gcc | 0.1.0 | 107.32 | NOTE | |||
r-devel-windows-ix86+x86_64 | 0.1.0 | 12.00 | 109.00 | 121.00 | NOTE | |
r-devel-windows-x86_64-gcc10-UCRT | 0.1.0 | NOTE | ||||
r-patched-linux-x86_64 | 0.1.0 | 6.22 | 78.69 | 84.91 | OK | |
r-release-linux-x86_64 | 0.1.0 | 5.64 | 80.07 | 85.71 | OK | |
r-release-macos-x86_64 | 0.1.0 | NOTE | ||||
r-release-windows-ix86+x86_64 | 0.1.0 | 12.00 | 109.00 | 121.00 | OK | |
r-oldrel-macos-x86_64 | 0.1.0 | NOTE | ||||
r-oldrel-windows-ix86+x86_64 | 0.1.0 | 7.00 | 77.00 | 84.00 | OK |
Version: 0.1.0
Check: LazyData
Result: NOTE
'LazyData' is specified without a 'data' directory
Flavors: r-devel-linux-x86_64-debian-clang, r-devel-linux-x86_64-debian-gcc, r-devel-linux-x86_64-fedora-clang, r-devel-linux-x86_64-fedora-gcc, r-devel-windows-ix86+x86_64, r-devel-windows-x86_64-gcc10-UCRT
Version: 0.1.0
Check: dependencies in R code
Result: NOTE
Namespace in Imports field not imported from: ‘rJava’
All declared Imports should be used.
Flavors: r-devel-linux-x86_64-fedora-clang, r-devel-linux-x86_64-fedora-gcc, r-devel-windows-x86_64-gcc10-UCRT, r-release-macos-x86_64, r-oldrel-macos-x86_64