CRAN Package Check Results for Package PBD

Last updated on 2019-10-15 13:47:01 CEST.

Flavor Version Tinstall Tcheck Ttotal Status Flags
r-devel-linux-x86_64-debian-clang 1.4 4.42 72.78 77.20 OK
r-devel-linux-x86_64-debian-gcc 1.4 3.49 52.90 56.39 OK
r-devel-linux-x86_64-fedora-clang 1.4 94.42 NOTE
r-devel-linux-x86_64-fedora-gcc 1.4 90.59 NOTE
r-devel-windows-ix86+x86_64 1.4 9.00 73.00 82.00 OK
r-patched-linux-x86_64 1.4 3.14 72.84 75.98 OK
r-patched-solaris-x86 1.4 116.60 NOTE
r-release-linux-x86_64 1.4 4.38 73.24 77.62 OK
r-release-windows-ix86+x86_64 1.4 11.00 112.00 123.00 OK
r-release-osx-x86_64 1.4 NOTE
r-oldrel-windows-ix86+x86_64 1.4 4.00 88.00 92.00 OK
r-oldrel-osx-x86_64 1.4 NOTE

Check Details

Version: 1.4
Check: dependencies in R code
Result: NOTE
    Namespace in Imports field not imported from: ‘ade4’
     All declared Imports should be used.
Flavors: r-devel-linux-x86_64-fedora-clang, r-devel-linux-x86_64-fedora-gcc, r-patched-solaris-x86, r-release-osx-x86_64, r-oldrel-osx-x86_64