CRAN Package Check Results for Package PBD

Last updated on 2020-07-08 13:50:07 CEST.

Flavor Version Tinstall Tcheck Ttotal Status Flags
r-devel-linux-x86_64-debian-clang 1.4 4.49 81.44 85.93 OK
r-devel-linux-x86_64-debian-gcc 1.4 3.73 57.89 61.62 OK
r-devel-linux-x86_64-fedora-clang 1.4 106.67 NOTE
r-devel-linux-x86_64-fedora-gcc 1.4 99.31 NOTE
r-devel-windows-ix86+x86_64 1.4 9.00 102.00 111.00 OK
r-patched-linux-x86_64 1.4 4.75 79.68 84.43 OK
r-patched-solaris-x86 1.4 126.00 NOTE
r-release-linux-x86_64 1.4 3.69 79.47 83.16 OK
r-release-osx-x86_64 1.4 NOTE
r-release-windows-ix86+x86_64 1.4 9.00 90.00 99.00 OK
r-oldrel-osx-x86_64 1.4 NOTE
r-oldrel-windows-ix86+x86_64 1.4 22.00 133.00 155.00 OK

Check Details

Version: 1.4
Check: dependencies in R code
Result: NOTE
    Namespace in Imports field not imported from: ‘ade4’
     All declared Imports should be used.
Flavors: r-devel-linux-x86_64-fedora-clang, r-devel-linux-x86_64-fedora-gcc, r-patched-solaris-x86, r-release-osx-x86_64, r-oldrel-osx-x86_64