CRAN Package Check Results for Package PGRdup

Last updated on 2020-02-23 07:49:30 CET.

Flavor Version Tinstall Tcheck Ttotal Status Flags
r-devel-linux-x86_64-debian-clang 0.2.3.5 8.84 145.47 154.31 OK
r-devel-linux-x86_64-debian-gcc 0.2.3.5 6.02 172.28 178.30 OK
r-devel-linux-x86_64-fedora-clang 0.2.3.5 164.23 OK
r-devel-linux-x86_64-fedora-gcc 0.2.3.5 158.03 OK
r-devel-windows-ix86+x86_64 0.2.3.5 22.00 141.00 163.00 OK
r-devel-windows-ix86+x86_64-gcc8 0.2.3.5 40.00 210.00 250.00 OK
r-patched-linux-x86_64 0.2.3.5 OK
r-patched-solaris-x86 0.2.3.5 120.80 WARN
r-release-linux-x86_64 0.2.3.5 6.77 135.58 142.35 OK
r-release-windows-ix86+x86_64 0.2.3.5 15.00 136.00 151.00 OK
r-release-osx-x86_64 0.2.3.5 WARN
r-oldrel-windows-ix86+x86_64 0.2.3.5 15.00 138.00 153.00 WARN
r-oldrel-osx-x86_64 0.2.3.5 WARN

Check Details

Version: 0.2.3.5
Check: re-building of vignette outputs
Result: WARN
    Error(s) in re-building vignettes:
     ...
    --- re-building ‘Introduction.Rmd’ using rmarkdown_notangle
    Warning in engine$weave(file, quiet = quiet, encoding = enc) :
     Pandoc (>= 1.12.3) and/or pandoc-citeproc not available. Falling back to R Markdown v1.
    Quitting from lines 51-62 (Introduction.Rmd)
    Error: processing vignette 'Introduction.Rmd' failed with diagnostics:
    EXPR must be a length 1 vector
    --- failed re-building ‘Introduction.Rmd’
    
    SUMMARY: processing the following file failed:
     ‘Introduction.Rmd’
    
    Error: Vignette re-building failed.
    Execution halted
Flavors: r-patched-solaris-x86, r-release-osx-x86_64

Version: 0.2.3.5
Check: whether package can be installed
Result: WARN
    Found the following significant warnings:
     Warning: S3 methods '[.fun_list', '[.grouped_df', 'all.equal.tbl_df', 'anti_join.data.frame', 'anti_join.tbl_df', 'arrange.data.frame', 'arrange.default', 'arrange.grouped_df', 'arrange.tbl_df', 'arrange_.data.frame', 'arrange_.tbl_df', 'as.data.frame.grouped_df', 'as.data.frame.rowwise_df', 'as.data.frame.tbl_cube', 'as.table.tbl_cube', 'as.tbl.data.frame', 'as.tbl.tbl', 'as.tbl_cube.array', 'as.tbl_cube.data.frame', 'as.tbl_cube.matrix', 'as.tbl_cube.table', 'as_tibble.grouped_df', 'as_tibble.tbl_cube', 'auto_copy.tbl_cube', 'auto_copy.tbl_df', 'cbind.grouped_df', 'collapse.data.frame', 'collect.data.frame', 'common_by.NULL', 'common_by.character', 'common_by.default', 'common_by.list', 'compute.data.frame', 'copy_to.DBIConnection', 'copy_to.src_local', 'default_missing.data.frame', 'default_missing.default', 'dim.tbl_cube', 'distinct.data.frame', 'distinct.default', 'distinct.grouped_df', 'distinct.tbl_df', 'distinct_.data.frame', 'distinct_.grouped_df', 'distinct_.tbl_df', 'do.NULL', 'do.da [... truncated]
Flavor: r-oldrel-windows-ix86+x86_64

Version: 0.2.3.5
Check: re-building of vignette outputs
Result: WARN
    Error in re-building vignettes:
     ...
    Warning in engine$weave(file, quiet = quiet, encoding = enc) :
     Pandoc (>= 1.12.3) and/or pandoc-citeproc not available. Falling back to R Markdown v1.
    Quitting from lines 51-62 (Introduction.Rmd)
    Error: processing vignette 'Introduction.Rmd' failed with diagnostics:
    EXPR must be a length 1 vector
    Execution halted
Flavor: r-oldrel-osx-x86_64