CRAN Package Check Results for Package PenCoxFrail

Last updated on 2019-08-19 13:46:57 CEST.

Flavor Version Tinstall Tcheck Ttotal Status Flags
r-devel-linux-x86_64-debian-clang 1.0.1 29.00 56.83 85.83 OK
r-devel-linux-x86_64-debian-gcc 1.0.1 24.68 46.23 70.91 OK
r-devel-linux-x86_64-fedora-clang 1.0.1 117.15 NOTE
r-devel-linux-x86_64-fedora-gcc 1.0.1 112.18 NOTE
r-devel-windows-ix86+x86_64 1.0.1 84.00 127.00 211.00 OK
r-patched-linux-x86_64 1.0.1 27.35 56.63 83.98 OK
r-patched-solaris-x86 1.0.1 152.50 OK
r-release-linux-x86_64 1.0.1 28.09 56.44 84.53 OK
r-release-windows-ix86+x86_64 1.0.1 57.00 95.00 152.00 OK
r-release-osx-x86_64 1.0.1 OK
r-oldrel-windows-ix86+x86_64 1.0.1 78.00 117.00 195.00 OK
r-oldrel-osx-x86_64 1.0.1 OK

Check Details

Version: 1.0.1
Check: compiled code
Result: NOTE
    File ‘PenCoxFrail/libs/PenCoxFrail.so’:
     Found no calls to: ‘R_registerRoutines’, ‘R_useDynamicSymbols’
    
    It is good practice to register native routines and to disable symbol
    search.
    
    See ‘Writing portable packages’ in the ‘Writing R Extensions’ manual.
Flavors: r-devel-linux-x86_64-fedora-clang, r-devel-linux-x86_64-fedora-gcc