CRAN Package Check Results for Package PenCoxFrail

Last updated on 2019-12-06 08:54:58 CET.

Flavor Version Tinstall Tcheck Ttotal Status Flags
r-devel-linux-x86_64-debian-clang 1.0.1 35.36 61.72 97.08 OK
r-devel-linux-x86_64-debian-gcc 1.0.1 24.67 48.34 73.01 OK
r-devel-linux-x86_64-fedora-clang 1.0.1 113.66 NOTE
r-devel-linux-x86_64-fedora-gcc 1.0.1 115.94 NOTE
r-devel-windows-ix86+x86_64 1.0.1 62.00 92.00 154.00 OK
r-devel-windows-ix86+x86_64-gcc8 1.0.1 70.00 102.00 172.00 OK
r-patched-linux-x86_64 1.0.1 29.24 56.31 85.55 OK
r-patched-solaris-x86 1.0.1 145.50 OK
r-release-linux-x86_64 1.0.1 28.15 55.77 83.92 OK
r-release-windows-ix86+x86_64 1.0.1 82.00 91.00 173.00 OK
r-release-osx-x86_64 1.0.1 OK
r-oldrel-windows-ix86+x86_64 1.0.1 51.00 134.00 185.00 OK
r-oldrel-osx-x86_64 1.0.1 OK

Check Details

Version: 1.0.1
Check: compiled code
Result: NOTE
    File ‘PenCoxFrail/libs/PenCoxFrail.so’:
     Found no calls to: ‘R_registerRoutines’, ‘R_useDynamicSymbols’
    
    It is good practice to register native routines and to disable symbol
    search.
    
    See ‘Writing portable packages’ in the ‘Writing R Extensions’ manual.
Flavors: r-devel-linux-x86_64-fedora-clang, r-devel-linux-x86_64-fedora-gcc