CRAN Package Check Results for Package PlackettLuce

Last updated on 2020-02-21 13:47:45 CET.

Flavor Version Tinstall Tcheck Ttotal Status Flags
r-devel-linux-x86_64-debian-clang 0.2-9 11.80 200.57 212.37 ERROR
r-devel-linux-x86_64-debian-gcc 0.2-9 10.79 143.62 154.41 ERROR
r-devel-linux-x86_64-fedora-clang 0.2-9 250.41 ERROR
r-devel-linux-x86_64-fedora-gcc 0.2-9 243.85 ERROR
r-devel-windows-ix86+x86_64 0.2-9 24.00 203.00 227.00 OK
r-devel-windows-ix86+x86_64-gcc8 0.2-9 32.00 254.00 286.00 WARN
r-patched-linux-x86_64 0.2-9 10.89 176.28 187.17 ERROR
r-patched-solaris-x86 0.2-9 301.90 ERROR
r-release-linux-x86_64 0.2-9 10.54 175.71 186.25 ERROR
r-release-windows-ix86+x86_64 0.2-9 18.00 216.00 234.00 OK
r-release-osx-x86_64 0.2-9 NOTE
r-oldrel-windows-ix86+x86_64 0.2-9 13.00 190.00 203.00 NOTE
r-oldrel-osx-x86_64 0.2-9 NOTE

Check Details

Version: 0.2-9
Check: package dependencies
Result: NOTE
    Package suggested but not available for checking: 'Matrix.utils'
Flavors: r-devel-linux-x86_64-debian-clang, r-devel-linux-x86_64-debian-gcc, r-devel-linux-x86_64-fedora-clang, r-devel-linux-x86_64-fedora-gcc, r-patched-linux-x86_64, r-patched-solaris-x86, r-release-linux-x86_64

Version: 0.2-9
Check: tests
Result: ERROR
     Running 'testthat.R' [93s/106s]
    Running the tests in 'tests/testthat.R' failed.
    Complete output:
     > library(testthat)
     > library(PlackettLuce)
     >
     > test_check("PlackettLuce")
     -- 1. Error: (unknown) (@test-log-likelihood.R#81) ----------------------------
     The package Matrix.utils is needed for this function to work. Please install it.
     Backtrace:
     1. BradleyTerryScalable::btdata(as.data.frame(cbind(M, 1)))
     2. BradleyTerryScalable:::pairs_to_matrix(x)
    
     == testthat results ===========================================================
     [ OK: 168 | SKIPPED: 0 | WARNINGS: 0 | FAILED: 1 ]
     1. Error: (unknown) (@test-log-likelihood.R#81)
    
     Error: testthat unit tests failed
     Execution halted
Flavor: r-devel-linux-x86_64-debian-clang

Version: 0.2-9
Check: tests
Result: ERROR
     Running ‘testthat.R’ [62s/89s]
    Running the tests in ‘tests/testthat.R’ failed.
    Complete output:
     > library(testthat)
     > library(PlackettLuce)
     >
     > test_check("PlackettLuce")
     ── 1. Error: (unknown) (@test-log-likelihood.R#81) ────────────────────────────
     The package Matrix.utils is needed for this function to work. Please install it.
     Backtrace:
     1. BradleyTerryScalable::btdata(as.data.frame(cbind(M, 1)))
     2. BradleyTerryScalable:::pairs_to_matrix(x)
    
     ══ testthat results ═══════════════════════════════════════════════════════════
     [ OK: 168 | SKIPPED: 0 | WARNINGS: 0 | FAILED: 1 ]
     1. Error: (unknown) (@test-log-likelihood.R#81)
    
     Error: testthat unit tests failed
     Execution halted
Flavor: r-devel-linux-x86_64-debian-gcc

Version: 0.2-9
Check: tests
Result: ERROR
     Running ‘testthat.R’ [100s/248s]
    Running the tests in ‘tests/testthat.R’ failed.
    Complete output:
     > library(testthat)
     > library(PlackettLuce)
     >
     > test_check("PlackettLuce")
     ── 1. Error: (unknown) (@test-log-likelihood.R#81) ────────────────────────────
     The package Matrix.utils is needed for this function to work. Please install it.
     Backtrace:
     1. BradleyTerryScalable::btdata(as.data.frame(cbind(M, 1)))
     2. BradleyTerryScalable:::pairs_to_matrix(x)
    
     ══ testthat results ═══════════════════════════════════════════════════════════
     [ OK: 168 | SKIPPED: 0 | WARNINGS: 0 | FAILED: 1 ]
     1. Error: (unknown) (@test-log-likelihood.R#81)
    
     Error: testthat unit tests failed
     Execution halted
Flavor: r-devel-linux-x86_64-fedora-clang

Version: 0.2-9
Check: tests
Result: ERROR
     Running ‘testthat.R’ [104s/137s]
    Running the tests in ‘tests/testthat.R’ failed.
    Complete output:
     > library(testthat)
     > library(PlackettLuce)
     >
     > test_check("PlackettLuce")
     ── 1. Error: (unknown) (@test-log-likelihood.R#81) ────────────────────────────
     The package Matrix.utils is needed for this function to work. Please install it.
     Backtrace:
     1. BradleyTerryScalable::btdata(as.data.frame(cbind(M, 1)))
     2. BradleyTerryScalable:::pairs_to_matrix(x)
    
     ══ testthat results ═══════════════════════════════════════════════════════════
     [ OK: 168 | SKIPPED: 0 | WARNINGS: 0 | FAILED: 1 ]
     1. Error: (unknown) (@test-log-likelihood.R#81)
    
     Error: testthat unit tests failed
     Execution halted
Flavor: r-devel-linux-x86_64-fedora-gcc

Version: 0.2-9
Check: re-building of vignette outputs
Result: WARN
    Error(s) in re-building vignettes:
    --- re-building 'Overview.Rmd' using rmarkdown
    Quitting from lines 547-548 (Overview.Rmd)
    Error: processing vignette 'Overview.Rmd' failed with diagnostics:
    there is no package called 'magick'
    --- failed re-building 'Overview.Rmd'
    
    SUMMARY: processing the following file failed:
     'Overview.Rmd'
    
    Error: Vignette re-building failed.
    Execution halted
Flavor: r-devel-windows-ix86+x86_64-gcc8

Version: 0.2-9
Check: tests
Result: ERROR
     Running ‘testthat.R’ [82s/88s]
    Running the tests in ‘tests/testthat.R’ failed.
    Complete output:
     > library(testthat)
     > library(PlackettLuce)
     >
     > test_check("PlackettLuce")
     ── 1. Error: (unknown) (@test-log-likelihood.R#81) ────────────────────────────
     The package Matrix.utils is needed for this function to work. Please install it.
     Backtrace:
     1. BradleyTerryScalable::btdata(as.data.frame(cbind(M, 1)))
     2. BradleyTerryScalable:::pairs_to_matrix(x)
    
     ══ testthat results ═══════════════════════════════════════════════════════════
     [ OK: 168 | SKIPPED: 0 | WARNINGS: 0 | FAILED: 1 ]
     1. Error: (unknown) (@test-log-likelihood.R#81)
    
     Error: testthat unit tests failed
     Execution halted
Flavor: r-patched-linux-x86_64

Version: 0.2-9
Check: tests
Result: ERROR
     Running ‘testthat.R’ [110s/146s]
    Running the tests in ‘tests/testthat.R’ failed.
    Complete output:
     > library(testthat)
     > library(PlackettLuce)
     >
     > test_check("PlackettLuce")
     ── 1. Error: (unknown) (@test-log-likelihood.R#81) ────────────────────────────
     The package Matrix.utils is needed for this function to work. Please install it.
     Backtrace:
     1. BradleyTerryScalable::btdata(as.data.frame(cbind(M, 1)))
     2. BradleyTerryScalable:::pairs_to_matrix(x)
    
     ══ testthat results ═══════════════════════════════════════════════════════════
     [ OK: 168 | SKIPPED: 0 | WARNINGS: 0 | FAILED: 1 ]
     1. Error: (unknown) (@test-log-likelihood.R#81)
    
     Error: testthat unit tests failed
     Execution halted
Flavor: r-patched-solaris-x86

Version: 0.2-9
Check: tests
Result: ERROR
     Running ‘testthat.R’ [81s/89s]
    Running the tests in ‘tests/testthat.R’ failed.
    Complete output:
     > library(testthat)
     > library(PlackettLuce)
     >
     > test_check("PlackettLuce")
     ── 1. Error: (unknown) (@test-log-likelihood.R#81) ────────────────────────────
     The package Matrix.utils is needed for this function to work. Please install it.
     Backtrace:
     1. BradleyTerryScalable::btdata(as.data.frame(cbind(M, 1)))
     2. BradleyTerryScalable:::pairs_to_matrix(x)
    
     ══ testthat results ═══════════════════════════════════════════════════════════
     [ OK: 168 | SKIPPED: 0 | WARNINGS: 0 | FAILED: 1 ]
     1. Error: (unknown) (@test-log-likelihood.R#81)
    
     Error: testthat unit tests failed
     Execution halted
Flavor: r-release-linux-x86_64

Version: 0.2-9
Check: package dependencies
Result: NOTE
    Package suggested but not available for checking: ‘BiocStyle’
Flavors: r-release-osx-x86_64, r-oldrel-osx-x86_64

Version: 0.2-9
Check: R code for possible problems
Result: NOTE
    aggregate.rankings: no visible global function definition for 'asplit'
    Undefined global functions or variables:
     asplit
Flavors: r-oldrel-windows-ix86+x86_64, r-oldrel-osx-x86_64