CRAN Package Check Results for Package PosteriorBootstrap

Last updated on 2021-01-17 06:46:59 CET.

Flavor Version Tinstall Tcheck Ttotal Status Flags
r-devel-linux-x86_64-debian-clang 0.1.0 5.46 466.28 471.74 OK
r-devel-linux-x86_64-debian-gcc 0.1.0 4.08 323.72 327.80 OK
r-devel-linux-x86_64-fedora-clang 0.1.0 531.56 NOTE
r-devel-linux-x86_64-fedora-gcc 0.1.0 485.30 NOTE
r-devel-windows-ix86+x86_64 0.1.0 7.00 38.00 45.00 OK
r-patched-linux-x86_64 0.1.0 3.10 439.10 442.20 OK
r-patched-solaris-x86 0.1.0 944.80 NOTE
r-release-linux-x86_64 0.1.0 4.38 450.19 454.57 OK
r-release-macos-x86_64 0.1.0 NOTE
r-release-windows-ix86+x86_64 0.1.0 9.00 42.00 51.00 OK
r-oldrel-macos-x86_64 0.1.0 NOTE
r-oldrel-windows-ix86+x86_64 0.1.0 8.00 38.00 46.00 OK

Additional issues

MKL

Check Details

Version: 0.1.0
Check: dependencies in R code
Result: NOTE
    Namespaces in Imports field not imported from:
     ‘Rcpp’ ‘StanHeaders’ ‘dplyr’ ‘ggplot2’ ‘gridExtra’ ‘rstan’ ‘tibble’
     All declared Imports should be used.
Flavors: r-devel-linux-x86_64-fedora-clang, r-devel-linux-x86_64-fedora-gcc, r-patched-solaris-x86, r-release-macos-x86_64, r-oldrel-macos-x86_64