CRAN Package Check Results for Package QUALYPSO

Last updated on 2019-09-19 11:47:05 CEST.

Flavor Version Tinstall Tcheck Ttotal Status Flags
r-devel-linux-x86_64-debian-clang 1.1 2.87 24.93 27.80 OK
r-devel-linux-x86_64-debian-gcc 1.1 2.63 20.21 22.84 OK
r-devel-linux-x86_64-fedora-clang 1.1 34.57 NOTE
r-devel-linux-x86_64-fedora-gcc 1.1 33.41 NOTE
r-devel-windows-ix86+x86_64 1.1 9.00 64.00 73.00 OK
r-patched-linux-x86_64 1.1 2.38 24.83 27.21 OK
r-patched-solaris-x86 1.1 59.30 NOTE
r-release-linux-x86_64 1.1 2.13 24.86 26.99 OK
r-release-windows-ix86+x86_64 1.1 5.00 41.00 46.00 OK
r-release-osx-x86_64 1.1 NOTE
r-oldrel-windows-ix86+x86_64 1.1 3.00 38.00 41.00 OK
r-oldrel-osx-x86_64 1.1 NOTE

Check Details

Version: 1.1
Check: dependencies in R code
Result: NOTE
    Namespace in Imports field not imported from: ‘methods’
     All declared Imports should be used.
Flavors: r-devel-linux-x86_64-fedora-clang, r-devel-linux-x86_64-fedora-gcc, r-patched-solaris-x86, r-release-osx-x86_64, r-oldrel-osx-x86_64