CRAN Package Check Results for Package QUALYPSO

Last updated on 2020-02-21 13:47:47 CET.

Flavor Version Tinstall Tcheck Ttotal Status Flags
r-devel-linux-x86_64-debian-clang 1.1 3.41 27.40 30.81 OK
r-devel-linux-x86_64-debian-gcc 1.1 2.55 21.82 24.37 OK
r-devel-linux-x86_64-fedora-clang 1.1 37.18 NOTE
r-devel-linux-x86_64-fedora-gcc 1.1 36.51 NOTE
r-devel-windows-ix86+x86_64 1.1 6.00 40.00 46.00 OK
r-devel-windows-ix86+x86_64-gcc8 1.1 13.00 57.00 70.00 OK
r-patched-linux-x86_64 1.1 2.56 25.07 27.63 OK
r-patched-solaris-x86 1.1 51.80 NOTE
r-release-linux-x86_64 1.1 2.47 24.95 27.42 OK
r-release-windows-ix86+x86_64 1.1 5.00 40.00 45.00 OK
r-release-osx-x86_64 1.1 NOTE
r-oldrel-windows-ix86+x86_64 1.1 5.00 36.00 41.00 OK
r-oldrel-osx-x86_64 1.1 NOTE

Check Details

Version: 1.1
Check: dependencies in R code
Result: NOTE
    Namespace in Imports field not imported from: ‘methods’
     All declared Imports should be used.
Flavors: r-devel-linux-x86_64-fedora-clang, r-devel-linux-x86_64-fedora-gcc, r-patched-solaris-x86, r-release-osx-x86_64, r-oldrel-osx-x86_64