CRAN Package Check Results for Package R2019nCoV

Last updated on 2021-01-18 06:46:45 CET.

Flavor Version Tinstall Tcheck Ttotal Status Flags
r-devel-linux-x86_64-debian-clang 0.1.0 7.10 67.96 75.06 OK
r-devel-linux-x86_64-debian-gcc 0.1.0 5.64 47.01 52.65 OK
r-devel-linux-x86_64-fedora-clang 0.1.0 89.42 NOTE
r-devel-linux-x86_64-fedora-gcc 0.1.0 76.30 NOTE
r-devel-windows-ix86+x86_64 0.1.0 13.00 75.00 88.00 OK
r-patched-linux-x86_64 0.1.0 7.85 57.98 65.83 OK
r-patched-solaris-x86 0.1.0 116.60 NOTE
r-release-linux-x86_64 0.1.0 5.95 58.16 64.11 OK
r-release-macos-x86_64 0.1.0 NOTE
r-release-windows-ix86+x86_64 0.1.0 13.00 78.00 91.00 OK
r-oldrel-macos-x86_64 0.1.0 NOTE
r-oldrel-windows-ix86+x86_64 0.1.0 13.00 61.00 74.00 OK

Check Details

Version: 0.1.0
Check: data for non-ASCII characters
Result: NOTE
     Note: found 89912 marked UTF-8 strings
Flavors: r-devel-linux-x86_64-fedora-clang, r-devel-linux-x86_64-fedora-gcc, r-patched-solaris-x86, r-release-macos-x86_64, r-oldrel-macos-x86_64