CRAN Package Check Results for Package R2admb

Last updated on 2019-08-21 13:46:21 CEST.

Flavor Version Tinstall Tcheck Ttotal Status Flags
r-devel-linux-x86_64-debian-clang 0.7.16 3.81 51.95 55.76 OK
r-devel-linux-x86_64-debian-gcc 0.7.16 OK
r-devel-linux-x86_64-fedora-clang 0.7.16 69.79 OK
r-devel-linux-x86_64-fedora-gcc 0.7.16 66.71 OK
r-devel-windows-ix86+x86_64 0.7.16 13.00 82.00 95.00 OK
r-patched-linux-x86_64 0.7.16 3.81 59.47 63.28 OK
r-patched-solaris-x86 0.7.16 89.40 OK
r-release-linux-x86_64 0.7.16 3.37 59.18 62.55 OK
r-release-windows-ix86+x86_64 0.7.16 8.00 57.00 65.00 OK
r-release-osx-x86_64 0.7.16 WARN
r-oldrel-windows-ix86+x86_64 0.7.16 15.00 83.00 98.00 OK
r-oldrel-osx-x86_64 0.7.16 OK

Check Details

Version: 0.7.16
Check: re-building of vignette outputs
Result: WARN
    Error(s) in re-building vignettes:
     ...
    --- re-building ‘R2admb.Rnw’ using knitr
    Error: processing vignette 'R2admb.Rnw' failed with diagnostics:
    there is no package called 'stringi'
    --- failed re-building ‘R2admb.Rnw’
    
    SUMMARY: processing the following file failed:
     ‘R2admb.Rnw’
    
    Error: Vignette re-building failed.
    Execution halted
Flavor: r-release-osx-x86_64