CRAN Package Check Results for Package R2admb

Last updated on 2019-12-07 13:47:29 CET.

Flavor Version Tinstall Tcheck Ttotal Status Flags
r-devel-linux-x86_64-debian-clang 0.7.16 5.22 54.68 59.90 OK
r-devel-linux-x86_64-debian-gcc 0.7.16 3.36 43.57 46.93 OK
r-devel-linux-x86_64-fedora-clang 0.7.16 68.67 OK
r-devel-linux-x86_64-fedora-gcc 0.7.16 72.01 OK
r-devel-windows-ix86+x86_64 0.7.16 9.00 66.00 75.00 OK
r-devel-windows-ix86+x86_64-gcc8 0.7.16 8.00 66.00 74.00 OK
r-patched-linux-x86_64 0.7.16 3.95 59.07 63.02 OK
r-patched-solaris-x86 0.7.16 81.30 OK
r-release-linux-x86_64 0.7.16 3.38 58.98 62.36 OK
r-release-windows-ix86+x86_64 0.7.16 14.00 59.00 73.00 OK
r-release-osx-x86_64 0.7.16 WARN
r-oldrel-windows-ix86+x86_64 0.7.16 8.00 98.00 106.00 OK
r-oldrel-osx-x86_64 0.7.16 OK

Check Details

Version: 0.7.16
Check: re-building of vignette outputs
Result: WARN
    Error(s) in re-building vignettes:
     ...
    --- re-building ‘R2admb.Rnw’ using knitr
    Error: processing vignette 'R2admb.Rnw' failed with diagnostics:
    there is no package called 'stringi'
    --- failed re-building ‘R2admb.Rnw’
    
    SUMMARY: processing the following file failed:
     ‘R2admb.Rnw’
    
    Error: Vignette re-building failed.
    Execution halted
Flavor: r-release-osx-x86_64