CRAN Package Check Results for Package RAthena

Last updated on 2021-01-22 07:49:47 CET.

Flavor Version Tinstall Tcheck Ttotal Status Flags
r-devel-linux-x86_64-debian-clang 1.11.1 12.95 99.80 112.75 OK
r-devel-linux-x86_64-debian-gcc 1.12.0 9.37 75.87 85.24 OK
r-devel-linux-x86_64-fedora-clang 1.12.0 142.38 OK
r-devel-linux-x86_64-fedora-gcc 1.12.0 137.06 OK
r-devel-windows-ix86+x86_64 1.12.0 27.00 128.00 155.00 OK
r-patched-linux-x86_64 1.12.0 10.96 91.93 102.89 OK
r-patched-solaris-x86 1.12.0 179.40 NOTE
r-release-linux-x86_64 1.12.0 10.38 90.25 100.63 OK
r-release-macos-x86_64 1.11.1 OK
r-release-windows-ix86+x86_64 1.11.1 21.00 139.00 160.00 OK
r-oldrel-macos-x86_64 1.12.0 OK
r-oldrel-windows-ix86+x86_64 1.12.0 19.00 108.00 127.00 OK

Check Details

Version: 1.12.0
Check: package dependencies
Result: NOTE
    Package suggested but not available for checking: ‘arrow’
Flavor: r-patched-solaris-x86