CRAN Package Check Results for Package RBitmoji

Last updated on 2020-07-08 13:50:09 CEST.

Flavor Version Tinstall Tcheck Ttotal Status Flags
r-devel-linux-x86_64-debian-clang 0.0.2 2.17 24.27 26.44 NOTE
r-devel-linux-x86_64-debian-gcc 0.0.2 2.02 19.74 21.76 NOTE
r-devel-linux-x86_64-fedora-clang 0.0.2 40.77 NOTE
r-devel-linux-x86_64-fedora-gcc 0.0.2 32.00 NOTE
r-devel-windows-ix86+x86_64 0.0.2 6.00 55.00 61.00 NOTE
r-patched-linux-x86_64 0.0.2 2.24 25.08 27.32 NOTE
r-patched-solaris-x86 0.0.2 51.70 NOTE
r-release-linux-x86_64 0.0.2 2.21 24.73 26.94 NOTE
r-release-osx-x86_64 0.0.2 NOTE
r-release-windows-ix86+x86_64 0.0.2 5.00 54.00 59.00 NOTE
r-oldrel-osx-x86_64 0.0.2 NOTE
r-oldrel-windows-ix86+x86_64 0.0.2 5.00 46.00 51.00 OK

Check Details

Version: 0.0.2
Check: package vignettes
Result: NOTE
    Package vignette with placeholder title 'Vignette Title':
     'RBitmoji.Rmd'
Flavors: r-devel-linux-x86_64-debian-clang, r-devel-linux-x86_64-debian-gcc, r-devel-windows-ix86+x86_64, r-patched-linux-x86_64, r-release-linux-x86_64, r-release-windows-ix86+x86_64

Version: 0.0.2
Check: dependencies in R code
Result: NOTE
    Namespace in Imports field not imported from: ‘jsonlite’
     All declared Imports should be used.
Flavors: r-devel-linux-x86_64-fedora-clang, r-devel-linux-x86_64-fedora-gcc, r-patched-solaris-x86, r-release-osx-x86_64, r-oldrel-osx-x86_64