CRAN Package Check Results for Package RBitmoji

Last updated on 2019-10-15 13:47:04 CEST.

Flavor Version Tinstall Tcheck Ttotal Status Flags
r-devel-linux-x86_64-debian-clang 0.0.2 2.15 22.17 24.32 NOTE
r-devel-linux-x86_64-debian-gcc 0.0.2 1.82 18.25 20.07 NOTE
r-devel-linux-x86_64-fedora-clang 0.0.2 31.12 NOTE
r-devel-linux-x86_64-fedora-gcc 0.0.2 31.62 NOTE
r-devel-windows-ix86+x86_64 0.0.2 6.00 38.00 44.00 NOTE
r-patched-linux-x86_64 0.0.2 1.80 22.83 24.63 OK
r-patched-solaris-x86 0.0.2 48.10 NOTE
r-release-linux-x86_64 0.0.2 1.91 22.96 24.87 OK
r-release-windows-ix86+x86_64 0.0.2 7.00 51.00 58.00 OK
r-release-osx-x86_64 0.0.2 NOTE
r-oldrel-windows-ix86+x86_64 0.0.2 3.00 32.00 35.00 OK
r-oldrel-osx-x86_64 0.0.2 NOTE

Check Details

Version: 0.0.2
Check: package vignettes
Result: NOTE
    Package vignette with placeholder title 'Vignette Title':
     'RBitmoji.Rmd'
Flavors: r-devel-linux-x86_64-debian-clang, r-devel-linux-x86_64-debian-gcc, r-devel-windows-ix86+x86_64

Version: 0.0.2
Check: dependencies in R code
Result: NOTE
    Namespace in Imports field not imported from: ‘jsonlite’
     All declared Imports should be used.
Flavors: r-devel-linux-x86_64-fedora-clang, r-devel-linux-x86_64-fedora-gcc, r-patched-solaris-x86, r-release-osx-x86_64, r-oldrel-osx-x86_64