CRAN Package Check Results for Package RClickhouse

Last updated on 2019-08-18 10:46:23 CEST.

Flavor Version Tinstall Tcheck Ttotal Status Flags
r-devel-linux-x86_64-debian-clang 0.4.0 72.09 40.51 112.60 OK
r-devel-linux-x86_64-debian-gcc 0.4.0 57.18 31.47 88.65 OK
r-devel-linux-x86_64-fedora-clang 0.4.0 189.20 NOTE
r-devel-linux-x86_64-fedora-gcc 0.4.0 155.24 OK
r-devel-windows-ix86+x86_64 0.4.0 207.00 107.00 314.00 OK
r-patched-linux-x86_64 0.4.0 58.06 39.61 97.67 OK
r-patched-solaris-x86 0.4.0 157.70 OK
r-release-linux-x86_64 0.4.0 67.40 39.24 106.64 OK
r-release-windows-ix86+x86_64 0.4.0 156.00 86.00 242.00 OK
r-release-osx-x86_64 0.4.0 WARN
r-oldrel-windows-ix86+x86_64 0.4.0 208.00 107.00 315.00 OK
r-oldrel-osx-x86_64 0.4.0 WARN

Check Details

Version: 0.4.0
Check: installed package size
Result: NOTE
     installed size is 11.4Mb
     sub-directories of 1Mb or more:
     libs 11.2Mb
Flavors: r-devel-linux-x86_64-fedora-clang, r-release-osx-x86_64, r-oldrel-osx-x86_64

Version: 0.4.0
Check: for executable files
Result: WARN
    Found the following executable file:
     src/vendor/clickhouse-cpp/contrib/lz4/LICENSE
    Source packages should not contain undeclared executable files.
    See section ‘Package structure’ in the ‘Writing R Extensions’ manual.
Flavors: r-release-osx-x86_64, r-oldrel-osx-x86_64