CRAN Package Check Results for Package RClickhouse

Last updated on 2019-12-13 13:49:39 CET.

Flavor Version Tinstall Tcheck Ttotal Status Flags
r-devel-linux-x86_64-debian-clang 0.4.0 81.39 44.98 126.37 OK
r-devel-linux-x86_64-debian-gcc 0.4.0 58.01 33.94 91.95 OK
r-devel-linux-x86_64-fedora-clang 0.4.0 196.98 NOTE
r-devel-linux-x86_64-fedora-gcc 0.4.0 169.21 OK
r-devel-windows-ix86+x86_64 0.4.0 154.00 81.00 235.00 OK
r-devel-windows-ix86+x86_64-gcc8 0.4.0 165.00 139.00 304.00 OK
r-patched-linux-x86_64 0.4.0 63.45 38.95 102.40 OK
r-patched-solaris-x86 0.4.0 153.50 OK
r-release-linux-x86_64 0.4.0 63.99 39.79 103.78 OK
r-release-windows-ix86+x86_64 0.4.0 164.00 77.00 241.00 OK
r-release-osx-x86_64 0.4.0 WARN
r-oldrel-windows-ix86+x86_64 0.4.0 142.00 77.00 219.00 OK
r-oldrel-osx-x86_64 0.4.0 WARN

Additional issues

gcc10 gcc10

Check Details

Version: 0.4.0
Check: installed package size
Result: NOTE
     installed size is 11.5Mb
     sub-directories of 1Mb or more:
     libs 11.2Mb
Flavors: r-devel-linux-x86_64-fedora-clang, r-release-osx-x86_64, r-oldrel-osx-x86_64

Version: 0.4.0
Check: for executable files
Result: WARN
    Found the following executable file:
     src/vendor/clickhouse-cpp/contrib/lz4/LICENSE
    Source packages should not contain undeclared executable files.
    See section ‘Package structure’ in the ‘Writing R Extensions’ manual.
Flavors: r-release-osx-x86_64, r-oldrel-osx-x86_64