CRAN Package Check Results for Package REBayes

Last updated on 2020-01-25 13:46:54 CET.

Flavor Version Tinstall Tcheck Ttotal Status Flags
r-devel-linux-x86_64-debian-clang 2.2 8.66 68.04 76.70 OK --no-examples --no-tests --no-vignettes
r-devel-linux-x86_64-debian-gcc 2.2 7.58 52.15 59.73 OK --no-examples --no-tests --no-vignettes
r-devel-windows-ix86+x86_64 1.8 24.00 146.00 170.00 OK
r-devel-windows-ix86+x86_64-gcc8 1.8 23.00 148.00 171.00 OK
r-patched-linux-x86_64 2.2 7.59 61.41 69.00 OK --no-examples --no-tests --no-vignettes
r-release-linux-x86_64 2.2 8.92 61.11 70.03 OK --no-examples --no-tests --no-vignettes
r-release-osx-x86_64 2.2 OK
r-oldrel-windows-ix86+x86_64 1.2 1.00 5.00 6.00 ERROR
r-oldrel-osx-x86_64 2.2 OK

Check Details

Version: 1.2
Check: package dependencies
Result: ERROR
    Package required but not available: 'Rmosek'
    
    See section 'The DESCRIPTION file' in the 'Writing R Extensions'
    manual.
Flavor: r-oldrel-windows-ix86+x86_64