CRAN Package Check Results for Package RIdeogram

Last updated on 2019-09-18 10:48:12 CEST.

Flavor Version Tinstall Tcheck Ttotal Status Flags
r-devel-linux-x86_64-debian-clang 0.1.1 5.58 47.72 53.30 NOTE
r-devel-linux-x86_64-debian-gcc 0.1.1 4.12 37.51 41.63 NOTE
r-devel-linux-x86_64-fedora-clang 0.1.1 66.17 NOTE
r-devel-linux-x86_64-fedora-gcc 0.1.1 63.80 NOTE
r-devel-windows-ix86+x86_64 0.1.1 21.00 94.00 115.00 OK
r-patched-linux-x86_64 0.1.1 4.81 46.52 51.33 OK
r-release-linux-x86_64 0.1.1 4.30 46.52 50.82 OK
r-release-windows-ix86+x86_64 0.1.1 15.00 57.00 72.00 OK
r-release-osx-x86_64 0.1.1 OK
r-oldrel-windows-ix86+x86_64 0.1.1 7.00 55.00 62.00 OK
r-oldrel-osx-x86_64 0.1.1 OK

Check Details

Version: 0.1.1
Check: for non-standard things in the check directory
Result: NOTE
    Found the following files/directories:
     'chromosome.png' 'chromosome.svg'
Flavors: r-devel-linux-x86_64-debian-clang, r-devel-linux-x86_64-debian-gcc, r-devel-linux-x86_64-fedora-clang, r-devel-linux-x86_64-fedora-gcc