CRAN Package Check Results for Package RLumShiny

Last updated on 2019-12-06 08:55:03 CET.

Flavor Version Tinstall Tcheck Ttotal Status Flags
r-devel-linux-x86_64-debian-clang 0.2.2 8.72 82.31 91.03 OK
r-devel-linux-x86_64-debian-gcc 0.2.2 9.18 62.33 71.51 OK
r-devel-linux-x86_64-fedora-clang 0.2.2 112.59 NOTE
r-devel-linux-x86_64-fedora-gcc 0.2.2 108.47 NOTE
r-devel-windows-ix86+x86_64 0.2.2 21.00 106.00 127.00 OK
r-devel-windows-ix86+x86_64-gcc8 0.2.2 23.00 87.00 110.00 OK
r-patched-linux-x86_64 0.2.2 8.60 71.50 80.10 OK
r-patched-solaris-x86 0.2.2 144.00 NOTE
r-release-linux-x86_64 0.2.2 8.32 72.12 80.44 OK
r-release-windows-ix86+x86_64 0.2.2 18.00 81.00 99.00 OK
r-release-osx-x86_64 0.2.2 NOTE
r-oldrel-windows-ix86+x86_64 0.2.2 11.00 88.00 99.00 OK
r-oldrel-osx-x86_64 0.2.2 NOTE

Check Details

Version: 0.2.2
Check: dependencies in R code
Result: NOTE
    Namespaces in Imports field not imported from:
     ‘RCarb’ ‘rmarkdown’ ‘shinyjs’
     All declared Imports should be used.
Flavors: r-devel-linux-x86_64-fedora-clang, r-devel-linux-x86_64-fedora-gcc, r-patched-solaris-x86, r-release-osx-x86_64, r-oldrel-osx-x86_64