CRAN Package Check Results for Package RLumShiny

Last updated on 2019-08-18 13:46:21 CEST.

Flavor Version Tinstall Tcheck Ttotal Status Flags
r-devel-linux-x86_64-debian-clang 0.2.2 7.63 73.52 81.15 OK
r-devel-linux-x86_64-debian-gcc 0.2.2 8.06 56.70 64.76 OK
r-devel-linux-x86_64-fedora-clang 0.2.2 101.66 NOTE
r-devel-linux-x86_64-fedora-gcc 0.2.2 95.02 NOTE
r-devel-windows-ix86+x86_64 0.2.2 25.00 113.00 138.00 OK
r-patched-linux-x86_64 0.2.2 8.36 71.28 79.64 OK
r-patched-solaris-x86 0.2.2 148.20 NOTE
r-release-linux-x86_64 0.2.2 7.96 70.17 78.13 OK
r-release-windows-ix86+x86_64 0.2.2 17.00 80.00 97.00 OK
r-release-osx-x86_64 0.2.2 NOTE
r-oldrel-windows-ix86+x86_64 0.2.2 16.00 105.00 121.00 OK
r-oldrel-osx-x86_64 0.2.2 NOTE

Check Details

Version: 0.2.2
Check: dependencies in R code
Result: NOTE
    Namespaces in Imports field not imported from:
     ‘RCarb’ ‘rmarkdown’ ‘shinyjs’
     All declared Imports should be used.
Flavors: r-devel-linux-x86_64-fedora-clang, r-devel-linux-x86_64-fedora-gcc, r-patched-solaris-x86, r-release-osx-x86_64, r-oldrel-osx-x86_64