CRAN Package Check Results for Package ROI.plugin.clp

Last updated on 2020-01-27 13:48:26 CET.

Flavor Version Tinstall Tcheck Ttotal Status Flags
r-devel-linux-x86_64-debian-clang 0.4 7.15 92.58 99.73 OK
r-devel-linux-x86_64-debian-gcc 0.4 6.22 66.16 72.38 OK
r-devel-linux-x86_64-fedora-clang 0.4 106.66 OK
r-devel-linux-x86_64-fedora-gcc 0.4 105.91 OK
r-devel-windows-ix86+x86_64 0.4 21.00 68.00 89.00 OK
r-devel-windows-ix86+x86_64-gcc8 0.4 19.00 51.00 70.00 OK
r-patched-linux-x86_64 0.4 6.14 79.33 85.47 OK
r-patched-solaris-x86 0.4 88.90 OK
r-release-linux-x86_64 0.4 6.65 78.98 85.63 OK
r-release-windows-ix86+x86_64 0.4 12.00 45.00 57.00 OK
r-release-osx-x86_64 0.4 ERROR
r-oldrel-windows-ix86+x86_64 0.4 7.00 42.00 49.00 OK
r-oldrel-osx-x86_64 0.4 ERROR

Check Details

Version: 0.4
Check: package dependencies
Result: ERROR
    Package required but not available: ‘clpAPI’
    
    See section ‘The DESCRIPTION file’ in the ‘Writing R Extensions’
    manual.
Flavors: r-release-osx-x86_64, r-oldrel-osx-x86_64