CRAN Package Check Results for Package ROI.plugin.qpoases

Last updated on 2019-12-11 13:47:46 CET.

Flavor Version Tinstall Tcheck Ttotal Status Flags
r-devel-linux-x86_64-debian-clang 0.3-2 64.83 88.94 153.77 NOTE
r-devel-linux-x86_64-debian-gcc 0.3-2 40.86 62.20 103.06 NOTE
r-devel-linux-x86_64-fedora-clang 0.3-2 190.80 NOTE
r-devel-linux-x86_64-fedora-gcc 0.3-2 181.54 NOTE
r-devel-windows-ix86+x86_64 0.3-2 129.00 87.00 216.00 NOTE
r-devel-windows-ix86+x86_64-gcc8 0.3-2 146.00 108.00 254.00 NOTE
r-patched-linux-x86_64 0.3-2 47.45 75.99 123.44 NOTE
r-patched-solaris-x86 0.3-2 123.80 NOTE
r-release-linux-x86_64 0.3-2 47.77 76.00 123.77 NOTE
r-release-windows-ix86+x86_64 0.3-2 113.00 77.00 190.00 NOTE
r-release-osx-x86_64 0.3-2 NOTE
r-oldrel-windows-ix86+x86_64 0.3-2 109.00 71.00 180.00 OK
r-oldrel-osx-x86_64 0.3-2 OK

Check Details

Version: 0.3-2
Check: line endings in C/C++/Fortran sources/headers
Result: NOTE
    Found the following sources/headers with CR or CRLF line endings:
     src/qpoases/include/qpOASES.hpp
     src/qpoases/include/qpOASES/Constants.hpp
     src/qpoases/include/qpOASES/ConstraintProduct.hpp
     src/qpoases/include/qpOASES/Types.hpp
     src/qpoases/include/qpOASES/UnitTesting.hpp
     src/qpoases/include/qpOASES/Utils.hpp
    Some Unix compilers require LF line endings.
Flavors: r-devel-linux-x86_64-debian-clang, r-devel-linux-x86_64-debian-gcc, r-devel-linux-x86_64-fedora-clang, r-devel-linux-x86_64-fedora-gcc, r-devel-windows-ix86+x86_64, r-devel-windows-ix86+x86_64-gcc8, r-patched-linux-x86_64, r-patched-solaris-x86, r-release-linux-x86_64, r-release-windows-ix86+x86_64, r-release-osx-x86_64