CRAN Package Check Results for Package ROI.plugin.qpoases

Last updated on 2019-08-22 13:46:23 CEST.

Flavor Version Tinstall Tcheck Ttotal Status Flags
r-devel-linux-x86_64-debian-clang 0.3-2 56.04 81.50 137.54 NOTE
r-devel-linux-x86_64-debian-gcc 0.3-2 40.52 57.76 98.28 NOTE
r-devel-linux-x86_64-fedora-clang 0.3-2 177.45 NOTE
r-devel-linux-x86_64-fedora-gcc 0.3-2 166.98 NOTE
r-devel-windows-ix86+x86_64 0.3-2 150.00 107.00 257.00 NOTE
r-patched-linux-x86_64 0.3-2 45.80 76.95 122.75 NOTE
r-patched-solaris-x86 0.3-2 128.30 NOTE
r-release-linux-x86_64 0.3-2 47.39 76.76 124.15 NOTE
r-release-windows-ix86+x86_64 0.3-2 114.00 101.00 215.00 NOTE
r-release-osx-x86_64 0.3-2 NOTE
r-oldrel-windows-ix86+x86_64 0.3-2 143.00 100.00 243.00 OK
r-oldrel-osx-x86_64 0.3-2 OK

Check Details

Version: 0.3-2
Check: line endings in C/C++/Fortran sources/headers
Result: NOTE
    Found the following sources/headers with CR or CRLF line endings:
     src/qpoases/include/qpOASES.hpp
     src/qpoases/include/qpOASES/Constants.hpp
     src/qpoases/include/qpOASES/ConstraintProduct.hpp
     src/qpoases/include/qpOASES/Types.hpp
     src/qpoases/include/qpOASES/UnitTesting.hpp
     src/qpoases/include/qpOASES/Utils.hpp
    Some Unix compilers require LF line endings.
Flavors: r-devel-linux-x86_64-debian-clang, r-devel-linux-x86_64-debian-gcc, r-devel-linux-x86_64-fedora-clang, r-devel-linux-x86_64-fedora-gcc, r-devel-windows-ix86+x86_64, r-patched-linux-x86_64, r-patched-solaris-x86, r-release-linux-x86_64, r-release-windows-ix86+x86_64, r-release-osx-x86_64