CRAN Package Check Results for Package RPS

Last updated on 2019-06-25 13:47:00 CEST.

Flavor Version Tinstall Tcheck Ttotal Status Flags
r-devel-linux-x86_64-debian-clang 1.0.1 6.89 91.34 98.23 OK
r-devel-linux-x86_64-debian-gcc 1.0.1 6.69 68.40 75.09 OK
r-devel-linux-x86_64-fedora-clang 1.0.1 114.47 NOTE
r-devel-linux-x86_64-fedora-gcc 1.0.1 108.42 NOTE
r-devel-windows-ix86+x86_64 1.0.1 25.00 133.00 158.00 OK
r-patched-linux-x86_64 1.0.1 8.07 88.06 96.13 OK
r-patched-solaris-x86 1.0.1 173.30 NOTE
r-release-linux-x86_64 1.0.1 7.82 88.85 96.67 OK
r-release-windows-ix86+x86_64 1.0.1 17.00 140.00 157.00 OK
r-release-osx-x86_64 1.0.1 NOTE
r-oldrel-windows-ix86+x86_64 1.0.1 9.00 94.00 103.00 OK
r-oldrel-osx-x86_64 1.0.1 NOTE

Check Details

Version: 1.0.1
Check: dependencies in R code
Result: NOTE
    Namespaces in Imports field not imported from:
     ‘ape’ ‘igraph’
     All declared Imports should be used.
Flavors: r-devel-linux-x86_64-fedora-clang, r-devel-linux-x86_64-fedora-gcc, r-patched-solaris-x86, r-release-osx-x86_64, r-oldrel-osx-x86_64