CRAN Package Check Results for Package RSuite

Last updated on 2019-09-19 11:47:07 CEST.

Flavor Version Tinstall Tcheck Ttotal Status Flags
r-devel-linux-x86_64-debian-clang 0.37-253 13.92 184.39 198.31 OK
r-devel-linux-x86_64-debian-gcc 0.37-253 12.13 143.98 156.11 OK
r-devel-linux-x86_64-fedora-clang 0.37-253 257.79 OK
r-devel-linux-x86_64-fedora-gcc 0.37-253 259.45 OK
r-devel-windows-ix86+x86_64 0.37-253 46.00 650.00 696.00 OK
r-patched-linux-x86_64 0.37-253 11.80 179.50 191.30 OK
r-patched-solaris-x86 0.37-253 163.70 ERROR
r-release-linux-x86_64 0.37-253 15.30 181.10 196.40 OK
r-release-windows-ix86+x86_64 0.37-253 24.00 700.00 724.00 OK
r-release-osx-x86_64 0.37-253 OK
r-oldrel-windows-ix86+x86_64 0.37-253 18.00 498.00 516.00 OK
r-oldrel-osx-x86_64 0.37-253 OK

Check Details

Version: 0.37-253
Check: examples
Result: ERROR
    Running examples in ‘RSuite-Ex.R’ failed
    The error most likely occurred in:
    
    > ### Name: prj_pack
    > ### Title: Prepares project source pack tagged with version.
    > ### Aliases: prj_pack
    >
    > ### ** Examples
    >
    > # create exemplary project base folder
    > prj_base <- tempfile("example_")
    > dir.create(prj_base, recursive = TRUE, showWarnings = FALSE)
    >
    > # start project
    > prj <- prj_start("my_project", skip_rc = TRUE, path = prj_base)
    2019-09-17 17:12:24 INFO:rsuite:Project my_project has structure compliant with current version of RSuite(v0.37.253).
    2019-09-17 17:12:24 INFO:rsuite:Project my_project started.
    >
    > # create package in the project
    > prj_start_package("mypackage", prj = prj, skip_rc = TRUE)
    2019-09-17 17:12:24 INFO:rsuite:Package mypackage started in project my_project.
    >
    > # build project source pack
    > pack_fpath <- prj_pack(prj = prj, path = tempdir(), pack_ver = "1.0")
    2019-09-17 17:12:24 WARNING:rsuite:Project environment is not locked!
    2019-09-17 17:12:24 INFO:rsuite:Exporting project from /tmp/RtmpkdaG1S/working_dir/Rtmp_haGck/example_141475ba57b4/my_project ...
    2019-09-17 17:12:24 INFO:rsuite:Exporting project from /tmp/RtmpkdaG1S/working_dir/Rtmp_haGck/example_141475ba57b4/my_project ... done
    2019-09-17 17:12:25 WARNING:rsuite:Zip building aborted for /tmp/RtmpkdaG1S/working_dir/Rtmp_haGck/prjpack_my_project_1.0x.zip
    2019-09-17 17:12:25 ERROR:rsuite:Failed to create pack file (zip returned non 0 return status).
    Error: Failed to create pack file (zip returned non 0 return status).
    Execution halted
Flavor: r-patched-solaris-x86