CRAN Package Check Results for Package RadioGx

Last updated on 2019-09-22 13:46:20 CEST.

Flavor Version Tinstall Tcheck Ttotal Status Flags
r-devel-linux-x86_64-debian-clang 0.0.1 23.03 152.82 175.85 OK
r-devel-linux-x86_64-debian-gcc 0.0.1 19.95 122.70 142.65 OK
r-devel-linux-x86_64-fedora-clang 0.0.1 216.73 NOTE
r-devel-linux-x86_64-fedora-gcc 0.0.1 215.76 NOTE
r-devel-windows-ix86+x86_64 0.0.1 59.00 155.00 214.00 OK
r-patched-linux-x86_64 0.0.1 22.14 149.81 171.95 OK
r-patched-solaris-x86 0.0.1 347.20 NOTE
r-release-linux-x86_64 0.0.1 21.98 150.23 172.21 OK
r-release-windows-ix86+x86_64 0.0.1 39.00 160.00 199.00 OK
r-release-osx-x86_64 0.0.1 ERROR
r-oldrel-windows-ix86+x86_64 0.0.1 25.00 160.00 185.00 OK
r-oldrel-osx-x86_64 0.0.1 ERROR

Check Details

Version: 0.0.1
Check: dependencies in R code
Result: NOTE
    Namespaces in Imports field not imported from:
     ‘KernSmooth’ ‘Matrix’ ‘PharmacoGx’ ‘cluster’
     All declared Imports should be used.
Flavors: r-devel-linux-x86_64-fedora-clang, r-devel-linux-x86_64-fedora-gcc, r-patched-solaris-x86

Version: 0.0.1
Check: data for non-ASCII characters
Result: NOTE
     Note: found 26 marked UTF-8 strings
Flavors: r-devel-linux-x86_64-fedora-clang, r-devel-linux-x86_64-fedora-gcc, r-patched-solaris-x86

Version: 0.0.1
Check: package dependencies
Result: ERROR
    Packages required but not available: 'CoreGx', 'PharmacoGx', 'Biobase'
    
    See section ‘The DESCRIPTION file’ in the ‘Writing R Extensions’
    manual.
Flavor: r-release-osx-x86_64

Version: 0.0.1
Check: package dependencies
Result: ERROR
    Packages required but not available: ‘CoreGx’ ‘PharmacoGx’
    
    See section ‘The DESCRIPTION file’ in the ‘Writing R Extensions’
    manual.
Flavor: r-oldrel-osx-x86_64