CRAN Package Check Results for Package RandomFields

Last updated on 2020-01-21 13:49:26 CET.

Flavor Version Tinstall Tcheck Ttotal Status Flags
r-devel-linux-x86_64-debian-clang 3.3.7 104.27 232.94 337.21 OK
r-devel-linux-x86_64-debian-gcc 3.3.7 80.25 173.26 253.51 OK
r-devel-linux-x86_64-fedora-clang 3.3.7 421.35 NOTE
r-devel-linux-x86_64-fedora-gcc 3.3.7 408.15 OK
r-devel-windows-ix86+x86_64 3.3.7 299.00 469.00 768.00 NOTE
r-devel-windows-ix86+x86_64-gcc8 3.3.7 280.00 453.00 733.00 NOTE
r-patched-linux-x86_64 3.3.7 87.19 204.98 292.17 OK
r-patched-solaris-x86 3.3.7 411.30 OK
r-release-linux-x86_64 3.3.7 86.36 207.35 293.71 OK
r-release-windows-ix86+x86_64 3.3.7 272.00 428.00 700.00 NOTE
r-release-osx-x86_64 3.3.7 NOTE
r-oldrel-windows-ix86+x86_64 3.3.7 200.00 281.00 481.00 NOTE
r-oldrel-osx-x86_64 3.3.7 NOTE

Additional issues

clang-UBSAN gcc-UBSAN

Check Details

Version: 3.3.7
Check: package dependencies
Result: NOTE
    Suggests orphaned package: ‘geoR’
Flavor: r-devel-linux-x86_64-fedora-clang

Version: 3.3.7
Check: installed package size
Result: NOTE
     installed size is 8.0Mb
     sub-directories of 1Mb or more:
     R 1.6Mb
     help 1.2Mb
     libs 5.0Mb
Flavors: r-devel-linux-x86_64-fedora-clang, r-devel-windows-ix86+x86_64, r-devel-windows-ix86+x86_64-gcc8, r-release-windows-ix86+x86_64, r-release-osx-x86_64, r-oldrel-windows-ix86+x86_64, r-oldrel-osx-x86_64

Version: 3.3.7
Check: dependencies in R code
Result: NOTE
    No protocol specified
    No protocol specified
    No protocol specified
    No protocol specified
Flavors: r-release-osx-x86_64, r-oldrel-osx-x86_64