CRAN Package Check Results for Package RandomFields

Last updated on 2019-09-15 11:47:20 CEST.

Flavor Version Tinstall Tcheck Ttotal Status Flags
r-devel-linux-x86_64-debian-clang 3.3.6 98.56 206.96 305.52 WARN
r-devel-linux-x86_64-debian-gcc 3.3.6 80.20 159.51 239.71 WARN
r-devel-linux-x86_64-fedora-clang 3.3.6 419.77 WARN
r-devel-linux-x86_64-fedora-gcc 3.3.6 385.74 WARN
r-devel-windows-ix86+x86_64 3.3.6 261.00 422.00 683.00 NOTE
r-patched-linux-x86_64 3.3.6 84.83 207.53 292.36 OK
r-patched-solaris-x86 3.3.6 411.90 OK
r-release-linux-x86_64 3.3.6 86.41 207.88 294.29 OK
r-release-windows-ix86+x86_64 3.3.6 208.00 327.00 535.00 NOTE
r-release-osx-x86_64 3.3.6 NOTE
r-oldrel-windows-ix86+x86_64 3.3.6 320.00 290.00 610.00 NOTE
r-oldrel-osx-x86_64 3.3.6 NOTE

Additional issues

clang-UBSAN gcc-UBSAN

Check Details

Version: 3.3.6
Check: whether package can be installed
Result: WARN
    Found the following significant warnings:
     Brown.cc:128:3: warning: array index 1 is past the end of the array (which contains 1 element) [-Warray-bounds]
     Brown.cc:1491:3: warning: array index 1 is past the end of the array (which contains 1 element) [-Warray-bounds]
     Huetchen.cc:107:3: warning: array index 1 is past the end of the array (which contains 1 element) [-Warray-bounds]
     Huetchen.cc:358:3: warning: array index 1 is past the end of the array (which contains 1 element) [-Warray-bounds]
     Huetchen.cc:387:3: warning: array index 1 is past the end of the array (which contains 1 element) [-Warray-bounds]
     Huetchen.cc:913:3: warning: array index 1 is past the end of the array (which contains 1 element) [-Warray-bounds]
     Huetchen.cc:1049:3: warning: array index 1 is past the end of the array (which contains 1 element) [-Warray-bounds]
     Huetchen.cc:1257:3: warning: array index 1 is past the end of the array (which contains 1 element) [-Warray-bounds]
     InternalCov.cc:106:3: warning: array index 1 is past the end of the array (which contains 1 element) [-Warray-bounds]
     InternalCov.cc:127:3: warning: array index 1 is past the end of the array (which contains 1 element) [-Warray-bounds]
     RMS.cc:1237:2: warning: array index 1 is past the end of the array (which contains 1 element) [-Warray-bounds]
     RMS.cc:1514:3: warning: array index 1 is past the end of the array (which contains 1 element) [-Warray-bounds]
     RMS.cc:1891:5: warning: array index 1 is past the end of the array (which contains 1 element) [-Warray-bounds]
     RMS.cc:2043:5: warning: array index 1 is past the end of the array (which contains 1 element) [-Warray-bounds]
     RMS.cc:2386:5: warning: array index 1 is past the end of the array (which contains 1 element) [-Warray-bounds]
     Specific.cc:58:5: warning: array index 1 is past the end of the array (which contains 1 element) [-Warray-bounds]
     circulant.cc:900:3: warning: array index 1 is past the end of the array (which contains 1 element) [-Warray-bounds]
     circulant.cc:1400:3: warning: array index 1 is past the end of the array (which contains 1 element) [-Warray-bounds]
     circulant.cc:1496:3: warning: array index 1 is past the end of the array (which contains 1 element) [-Warray-bounds]
     circulant.cc:1898:3: warning: array index 1 is past the end of the array (which contains 1 element) [-Warray-bounds]
     extremes.cc:787:3: warning: array index 1 is past the end of the array (which contains 1 element) [-Warray-bounds]
     extremes.cc:1147:3: warning: array index 1 is past the end of the array (which contains 1 element) [-Warray-bounds]
     extremes.cc:1352:26: warning: array index 1 is past the end of the array (which contains 1 element) [-Warray-bounds]
     extremes.cc:1534:3: warning: array index 1 is past the end of the array (which contains 1 element) [-Warray-bounds]
     families.cc:278:3: warning: array index 1 is past the end of the array (which contains 1 element) [-Warray-bounds]
     gauss.cc:220:3: warning: array index 1 is past the end of the array (which contains 1 element) [-Warray-bounds]
     gauss.cc:395:3: warning: array index 1 is past the end of the array (which contains 1 element) [-Warray-bounds]
     gauss.cc:535:3: warning: array index 1 is past the end of the array (which contains 1 element) [-Warray-bounds]
     gauss.cc:990:3: warning: array index 1 is past the end of the array (which contains 1 element) [-Warray-bounds]
     hyperplan.cc:71:3: warning: array index 1 is past the end of the array (which contains 1 element) [-Warray-bounds]
     operator.cc:229:3: warning: array index 1 is past the end of the array (which contains 1 element) [-Warray-bounds]
     operator.cc:1069:3: warning: array index 1 is past the end of the array (which contains 1 element) [-Warray-bounds]
     operator.cc:2692:3: warning: array index 1 is past the end of the array (which contains 1 element) [-Warray-bounds]
     operator.cc:2796:3: warning: array index 1 is past the end of the array (which contains 1 element) [-Warray-bounds]
     operator.cc:2938:3: warning: array index 1 is past the end of the array (which contains 1 element) [-Warray-bounds]
     operator.cc:3437:3: warning: array index 1 is past the end of the array (which contains 1 element) [-Warray-bounds]
     operator.cc:3518:3: warning: array index 1 is past the end of the array (which contains 1 element) [-Warray-bounds]
     operator.cc:3574:3: warning: array index 1 is past the end of the array (which contains 1 element) [-Warray-bounds]
     operator.cc:3696:3: warning: array index 1 is past the end of the array (which contains 1 element) [-Warray-bounds]
     operator.gaussmethod.cc:162:3: warning: array index 1 is past the end of the array (which contains 1 element) [-Warray-bounds]
     plusmal.cc:939:3: warning: array index 1 is past the end of the array (which contains 1 element) [-Warray-bounds]
     plusmal.cc:1624:3: warning: array index 1 is past the end of the array (which contains 1 element) [-Warray-bounds]
     shape.cc:287:3: warning: array index 1 is past the end of the array (which contains 1 element) [-Warray-bounds]
     shape.cc:1307:3: warning: array index 1 is past the end of the array (which contains 1 element) [-Warray-bounds]
     tbm.cc:190:3: warning: array index 1 is past the end of the array (which contains 1 element) [-Warray-bounds]
     trend.cc:185:5: warning: array index 1 is past the end of the array (which contains 1 element) [-Warray-bounds]
     trend.cc:252:3: warning: array index 1 is past the end of the array (which contains 1 element) [-Warray-bounds]
Flavors: r-devel-linux-x86_64-debian-clang, r-devel-linux-x86_64-fedora-clang

Version: 3.3.6
Check: whether package can be installed
Result: WARN
    Found the following significant warnings:
     Machine.h:227:42: warning: array subscript 1 is above array bounds of ‘Systems_type’ {aka ‘system_type [1]’} [-Warray-bounds]
     MachineOthers.h:54:38: warning: array subscript 1 is above array bounds of ‘Systems_type’ {aka ‘system_type [1]’} [-Warray-bounds]
     MachineOthers.h:53:33: warning: array subscript 1 is above array bounds of ‘Systems_type’ {aka ‘system_type [1]’} [-Warray-bounds]
Flavors: r-devel-linux-x86_64-debian-gcc, r-devel-linux-x86_64-fedora-gcc

Version: 3.3.6
Check: installed package size
Result: NOTE
     installed size is 7.9Mb
     sub-directories of 1Mb or more:
     R 1.5Mb
     help 1.2Mb
     libs 5.0Mb
Flavors: r-devel-linux-x86_64-fedora-clang, r-devel-windows-ix86+x86_64, r-release-windows-ix86+x86_64, r-release-osx-x86_64, r-oldrel-windows-ix86+x86_64, r-oldrel-osx-x86_64