CRAN Package Check Results for Package Rchoice

Last updated on 2020-02-21 13:47:48 CET.

Flavor Version Tinstall Tcheck Ttotal Status Flags
r-devel-linux-x86_64-debian-clang 0.3-1.1 11.41 88.88 100.29 WARN
r-devel-linux-x86_64-debian-gcc 0.3-1.1 9.62 66.00 75.62 WARN
r-devel-linux-x86_64-fedora-clang 0.3-1.1 122.11 WARN
r-devel-linux-x86_64-fedora-gcc 0.3-1.1 116.39 WARN
r-devel-windows-ix86+x86_64 0.3-1.1 22.00 92.00 114.00 OK
r-devel-windows-ix86+x86_64-gcc8 0.3-1.1 34.00 144.00 178.00 OK
r-patched-linux-x86_64 0.3-1.1 10.81 75.80 86.61 WARN
r-patched-solaris-x86 0.3-1.1 167.10 WARN
r-release-linux-x86_64 0.3-1.1 9.36 75.84 85.20 OK
r-release-windows-ix86+x86_64 0.3-1.1 15.00 96.00 111.00 OK
r-release-osx-x86_64 0.3-1.1 OK
r-oldrel-windows-ix86+x86_64 0.3-1.1 11.00 87.00 98.00 OK
r-oldrel-osx-x86_64 0.3-1.1 OK

Check Details

Version: 0.3-1.1
Check: Rd \usage sections
Result: WARN
    Documented arguments not in \usage in documentation object 'cov.Rchoice':
     '...'
    
    Functions with \usage entries need to have the appropriate \alias
    entries, and all their arguments documented.
    The \usage entries must correspond to syntactically valid R code.
    See chapter 'Writing R documentation files' in the 'Writing R
    Extensions' manual.
Flavors: r-devel-linux-x86_64-debian-clang, r-devel-linux-x86_64-debian-gcc, r-devel-linux-x86_64-fedora-clang, r-devel-linux-x86_64-fedora-gcc, r-patched-linux-x86_64, r-patched-solaris-x86

Version: 0.3-1.1
Check: package dependencies
Result: WARN
    Requires orphaned package: ‘plm’
Flavor: r-devel-linux-x86_64-fedora-clang