CRAN Package Check Results for Package RcmdrPlugin.EZR

Last updated on 2020-02-23 07:49:33 CET.

Flavor Version Tinstall Tcheck Ttotal Status Flags
r-devel-linux-x86_64-debian-clang 1.41 45.39 195.56 240.95 OK
r-devel-linux-x86_64-debian-gcc 1.41 35.73 143.36 179.09 OK
r-devel-linux-x86_64-fedora-clang 1.41 294.72 OK
r-devel-linux-x86_64-fedora-gcc 1.41 282.20 OK
r-devel-windows-ix86+x86_64 1.41 67.00 172.00 239.00 OK
r-devel-windows-ix86+x86_64-gcc8 1.41 88.00 278.00 366.00 OK
r-patched-linux-x86_64 1.41 OK
r-patched-solaris-x86 1.41 401.40 OK
r-release-linux-x86_64 1.41 41.32 170.76 212.08 OK
r-release-windows-ix86+x86_64 1.41 63.00 162.00 225.00 OK
r-release-osx-x86_64 1.41 WARN
r-oldrel-windows-ix86+x86_64 1.41 58.00 156.00 214.00 OK
r-oldrel-osx-x86_64 1.41 WARN

Check Details

Version: 1.41
Check: dependencies in R code
Result: NOTE
    No protocol specified
    No protocol specified
Flavors: r-release-osx-x86_64, r-oldrel-osx-x86_64

Version: 1.41
Check: S3 generic/method consistency
Result: WARN
    No protocol specified
    No protocol specified
    See section ‘Generic functions and methods’ in the ‘Writing R
    Extensions’ manual.
Flavors: r-release-osx-x86_64, r-oldrel-osx-x86_64

Version: 1.41
Check: replacement functions
Result: WARN
    No protocol specified
    No protocol specified
    The argument of a replacement function which corresponds to the right
    hand side must be named ‘value’.
Flavors: r-release-osx-x86_64, r-oldrel-osx-x86_64

Version: 1.41
Check: foreign function calls
Result: NOTE
    No protocol specified
    No protocol specified
    See chapter ‘System and foreign language interfaces’ in the ‘Writing R
    Extensions’ manual.
Flavors: r-release-osx-x86_64, r-oldrel-osx-x86_64

Version: 1.41
Check: R code for possible problems
Result: NOTE
    No protocol specified
    No protocol specified
Flavors: r-release-osx-x86_64, r-oldrel-osx-x86_64

Version: 1.41
Check: for missing documentation entries
Result: WARN
    No protocol specified
    No protocol specified
    All user-level objects in a package should have documentation entries.
    See chapter ‘Writing R documentation files’ in the ‘Writing R
    Extensions’ manual.
Flavors: r-release-osx-x86_64, r-oldrel-osx-x86_64

Version: 1.41
Check: for code/documentation mismatches
Result: WARN
    No protocol specified
    No protocol specified
    No protocol specified
    No protocol specified
    No protocol specified
    No protocol specified
Flavors: r-release-osx-x86_64, r-oldrel-osx-x86_64

Version: 1.41
Check: Rd \usage sections
Result: NOTE
    No protocol specified
    No protocol specified
    The \usage entries for S3 methods should use the \method markup and not
    their full name.
    See chapter ‘Writing R documentation files’ in the ‘Writing R
    Extensions’ manual.
Flavors: r-release-osx-x86_64, r-oldrel-osx-x86_64