CRAN Package Check Results for Package RcmdrPlugin.PcaRobust

Last updated on 2019-09-23 13:46:28 CEST.

Flavor Version Tinstall Tcheck Ttotal Status Flags
r-devel-linux-x86_64-debian-clang 1.1.4 13.79 103.75 117.54 OK
r-devel-linux-x86_64-debian-gcc 1.1.4 12.00 81.58 93.58 OK
r-devel-linux-x86_64-fedora-clang 1.1.4 147.09 OK
r-devel-linux-x86_64-fedora-gcc 1.1.4 144.57 OK
r-devel-windows-ix86+x86_64 1.1.4 68.00 215.00 283.00 OK
r-patched-linux-x86_64 1.1.4 12.73 100.54 113.27 OK
r-patched-solaris-x86 1.1.4 261.60 OK
r-release-linux-x86_64 1.1.4 13.56 100.32 113.88 OK
r-release-windows-ix86+x86_64 1.1.4 74.00 204.00 278.00 OK
r-release-osx-x86_64 1.1.4 FAIL
r-oldrel-windows-ix86+x86_64 1.1.4 49.00 144.00 193.00 OK
r-oldrel-osx-x86_64 1.1.4 OK

Check Details

Version: 1.1.4
Check: whether package can be installed
Result: FAIL
    
Flavor: r-release-osx-x86_64