CRAN Package Check Results for Package RcmdrPlugin.PcaRobust

Last updated on 2020-07-10 11:47:51 CEST.

Flavor Version Tinstall Tcheck Ttotal Status Flags
r-devel-linux-x86_64-debian-clang 1.1.4 16.75 116.44 133.19 OK
r-devel-linux-x86_64-debian-gcc 1.1.4 14.22 91.17 105.39 OK
r-devel-linux-x86_64-fedora-clang 1.1.4 177.43 OK
r-devel-linux-x86_64-fedora-gcc 1.1.4 162.44 OK
r-devel-windows-ix86+x86_64 1.1.4 39.00 236.00 275.00 OK
r-patched-linux-x86_64 1.1.4 11.13 116.57 127.70 OK
r-patched-solaris-x86 1.1.4 300.70 OK
r-release-linux-x86_64 1.1.4 14.66 116.87 131.53 OK
r-release-osx-x86_64 1.1.4 OK
r-release-windows-ix86+x86_64 1.1.4 33.00 129.00 162.00 OK
r-oldrel-osx-x86_64 1.1.4 FAIL
r-oldrel-windows-ix86+x86_64 1.1.4 36.00 144.00 180.00 OK

Check Details

Version: 1.1.4
Check: whether package can be installed
Result: FAIL
Flavor: r-oldrel-osx-x86_64