CRAN Package Check Results for Package RcmdrPlugin.ROC

Last updated on 2019-09-19 12:47:37 CEST.

Flavor Version Tinstall Tcheck Ttotal Status Flags
r-devel-linux-x86_64-debian-clang 1.0-18 17.09 115.17 132.26 NOTE
r-devel-linux-x86_64-debian-gcc 1.0-18 15.39 90.02 105.41 NOTE
r-devel-linux-x86_64-fedora-clang 1.0-18 163.67 NOTE
r-devel-linux-x86_64-fedora-gcc 1.0-18 163.07 NOTE
r-devel-windows-ix86+x86_64 1.0-18 59.00 262.00 321.00 NOTE
r-patched-linux-x86_64 1.0-18 17.27 112.06 129.33 NOTE
r-patched-solaris-x86 1.0-18 267.90 NOTE
r-release-linux-x86_64 1.0-18 16.46 112.37 128.83 NOTE
r-release-windows-ix86+x86_64 1.0-18 43.00 145.00 188.00 NOTE
r-release-osx-x86_64 1.0-18 NOTE
r-oldrel-windows-ix86+x86_64 1.0-18 49.00 160.00 209.00 NOTE
r-oldrel-osx-x86_64 1.0-18 NOTE

Check Details

Version: 1.0-18
Check: R code for possible problems
Result: NOTE
    fncLRpROC: no visible global function definition for 'palette'
    fncLRpROC : onOK : convert: no visible global function definition for
     'col2rgb'
    fncLRpROC : onOK : convert: no visible global function definition for
     'rgb'
    fncPairedpROC: no visible global function definition for 'palette'
    fncPairedpROC : onOK : convert: no visible global function definition
     for 'col2rgb'
    fncPairedpROC : onOK : convert: no visible global function definition
     for 'rgb'
    fncUnpairedpROC: no visible global function definition for 'palette'
    fncUnpairedpROC : onOK : convert: no visible global function definition
     for 'col2rgb'
    fncUnpairedpROC : onOK : convert: no visible global function definition
     for 'rgb'
    fncvpROC: no visible global function definition for 'palette'
    fncvpROC : onOK : convert: no visible global function definition for
     'col2rgb'
    fncvpROC : onOK : convert: no visible global function definition for
     'rgb'
    Undefined global functions or variables:
     col2rgb palette rgb
    Consider adding
     importFrom("grDevices", "col2rgb", "palette", "rgb")
    to your NAMESPACE file.
Flavors: r-devel-linux-x86_64-debian-clang, r-devel-linux-x86_64-debian-gcc, r-devel-linux-x86_64-fedora-clang, r-devel-linux-x86_64-fedora-gcc, r-devel-windows-ix86+x86_64, r-patched-linux-x86_64, r-patched-solaris-x86, r-release-linux-x86_64, r-release-windows-ix86+x86_64, r-release-osx-x86_64, r-oldrel-windows-ix86+x86_64, r-oldrel-osx-x86_64