CRAN Package Check Results for Package RcmdrPlugin.sampling

Last updated on 2020-01-26 13:47:41 CET.

Flavor Version Tinstall Tcheck Ttotal Status Flags
r-devel-linux-x86_64-debian-clang 1.1 17.16 112.11 129.27 NOTE
r-devel-linux-x86_64-debian-gcc 1.1 14.02 86.69 100.71 NOTE
r-devel-linux-x86_64-fedora-clang 1.1 160.71 NOTE
r-devel-linux-x86_64-fedora-gcc 1.1 159.78 NOTE
r-devel-windows-ix86+x86_64 1.1 77.00 239.00 316.00 NOTE
r-devel-windows-ix86+x86_64-gcc8 1.1 76.00 132.00 208.00 NOTE
r-patched-linux-x86_64 1.1 15.31 98.66 113.97 NOTE
r-patched-solaris-x86 1.1 225.30 NOTE
r-release-linux-x86_64 1.1 14.08 99.49 113.57 NOTE
r-release-windows-ix86+x86_64 1.1 29.00 130.00 159.00 NOTE
r-release-osx-x86_64 1.1 NOTE
r-oldrel-windows-ix86+x86_64 1.1 43.00 116.00 159.00 NOTE
r-oldrel-osx-x86_64 1.1 NOTE

Check Details

Version: 1.1
Check: R code for possible problems
Result: NOTE
    SampleSizes: no visible global function definition for 'xtabs'
    SampleSizes: no visible global function definition for 'weighted.mean'
    SampleSizes: no visible global function definition for 'reshape'
    stage1Sample.fn: no visible global function definition for 'runif'
    stage2Sample.fn: no visible global function definition for 'runif'
    strata.options : onOK: no visible global function definition for
     'packageDescription'
    Undefined global functions or variables:
     packageDescription reshape runif weighted.mean xtabs
    Consider adding
     importFrom("stats", "reshape", "runif", "weighted.mean", "xtabs")
     importFrom("utils", "packageDescription")
    to your NAMESPACE file.
Flavors: r-devel-linux-x86_64-debian-clang, r-devel-linux-x86_64-debian-gcc, r-devel-linux-x86_64-fedora-clang, r-devel-linux-x86_64-fedora-gcc, r-devel-windows-ix86+x86_64, r-devel-windows-ix86+x86_64-gcc8, r-patched-linux-x86_64, r-patched-solaris-x86, r-release-linux-x86_64, r-release-windows-ix86+x86_64, r-release-osx-x86_64, r-oldrel-windows-ix86+x86_64, r-oldrel-osx-x86_64