CRAN Package Check Results for Package Relectoral

Last updated on 2021-01-18 06:46:46 CET.

Flavor Version Tinstall Tcheck Ttotal Status Flags
r-devel-linux-x86_64-debian-clang 0.1.0 14.56 125.16 139.72 OK
r-devel-linux-x86_64-debian-gcc 0.1.0 12.68 93.42 106.10 OK
r-devel-linux-x86_64-fedora-clang 0.1.0 172.94 NOTE
r-devel-linux-x86_64-fedora-gcc 0.1.0 160.97 NOTE
r-devel-windows-ix86+x86_64 0.1.0 21.00 100.00 121.00 OK
r-patched-linux-x86_64 0.1.0 14.78 115.69 130.47 OK
r-patched-solaris-x86 0.1.0 203.30 NOTE
r-release-linux-x86_64 0.1.0 12.87 115.54 128.41 OK
r-release-macos-x86_64 0.1.0 NOTE
r-release-windows-ix86+x86_64 0.1.0 25.00 101.00 126.00 OK
r-oldrel-macos-x86_64 0.1.0 NOTE
r-oldrel-windows-ix86+x86_64 0.1.0 26.00 124.00 150.00 OK

Check Details

Version: 0.1.0
Check: dependencies in R code
Result: NOTE
    Namespace in Imports field not imported from: ‘rmarkdown’
     All declared Imports should be used.
Flavors: r-devel-linux-x86_64-fedora-clang, r-devel-linux-x86_64-fedora-gcc, r-patched-solaris-x86, r-release-macos-x86_64, r-oldrel-macos-x86_64