CRAN Package Check Results for Package Rfast2

Last updated on 2019-09-22 13:46:21 CEST.

Flavor Version Tinstall Tcheck Ttotal Status Flags
r-devel-linux-x86_64-debian-clang 0.0.4 288.71 36.80 325.51 OK
r-devel-linux-x86_64-debian-gcc 0.0.4 236.48 29.55 266.03 OK
r-devel-linux-x86_64-fedora-clang 0.0.4 528.27 NOTE
r-devel-linux-x86_64-fedora-gcc 0.0.4 486.34 OK
r-devel-windows-ix86+x86_64 0.0.4 726.00 121.00 847.00 OK
r-patched-linux-x86_64 0.0.4 248.99 36.07 285.06 OK
r-patched-solaris-x86 0.0.4 416.60 OK
r-release-linux-x86_64 0.0.4 249.35 36.73 286.08 OK
r-release-windows-ix86+x86_64 0.0.4 536.00 77.00 613.00 OK
r-release-osx-x86_64 0.0.4 NOTE
r-oldrel-windows-ix86+x86_64 0.0.4 508.00 75.00 583.00 OK
r-oldrel-osx-x86_64 0.0.4 NOTE

Check Details

Version: 0.0.4
Check: installed package size
Result: NOTE
     installed size is 19.7Mb
     sub-directories of 1Mb or more:
     libs 19.3Mb
Flavors: r-devel-linux-x86_64-fedora-clang, r-release-osx-x86_64, r-oldrel-osx-x86_64