CRAN Package Check Results for Package Rlof

Last updated on 2019-10-15 13:47:05 CEST.

Flavor Version Tinstall Tcheck Ttotal Status Flags
r-devel-linux-x86_64-debian-clang 1.1.1 2.75 18.46 21.21 OK
r-devel-linux-x86_64-debian-gcc 1.1.1 2.21 15.18 17.39 OK
r-devel-linux-x86_64-fedora-clang 1.1.1 28.21 NOTE
r-devel-linux-x86_64-fedora-gcc 1.1.1 26.03 NOTE
r-devel-windows-ix86+x86_64 1.1.1 10.00 55.00 65.00 OK
r-patched-linux-x86_64 1.1.1 2.15 18.32 20.47 OK
r-patched-solaris-x86 1.1.1 39.90 OK
r-release-linux-x86_64 1.1.1 2.31 18.29 20.60 OK
r-release-windows-ix86+x86_64 1.1.1 13.00 40.00 53.00 OK
r-release-osx-x86_64 1.1.1 OK
r-oldrel-windows-ix86+x86_64 1.1.1 6.00 38.00 44.00 OK
r-oldrel-osx-x86_64 1.1.1 OK

Check Details

Version: 1.1.1
Check: compiled code
Result: NOTE
    File ‘Rlof/libs/Rlof.so’:
     Found no calls to: ‘R_registerRoutines’, ‘R_useDynamicSymbols’
    
    It is good practice to register native routines and to disable symbol
    search.
    
    See ‘Writing portable packages’ in the ‘Writing R Extensions’ manual.
Flavors: r-devel-linux-x86_64-fedora-clang, r-devel-linux-x86_64-fedora-gcc