CRAN Package Check Results for Package Rmpi

Last updated on 2019-09-23 13:46:29 CEST.

Flavor Version Tinstall Tcheck Ttotal Status Flags
r-devel-linux-x86_64-debian-clang 0.6-9 6.63 29.70 36.33 OK
r-devel-linux-x86_64-debian-gcc 0.6-9 5.34 23.22 28.56 OK
r-devel-linux-x86_64-fedora-clang 0.6-9 43.98 OK
r-devel-linux-x86_64-fedora-gcc 0.6-9 44.11 OK
r-devel-windows-ix86+x86_64 0.6-9 63.00 65.00 128.00 OK
r-patched-linux-x86_64 0.6-9 6.25 29.35 35.60 OK
r-patched-solaris-x86 0.6-9 58.30 OK
r-release-linux-x86_64 0.6-9 5.85 29.52 35.37 OK
r-release-windows-ix86+x86_64 0.6-9 34.00 75.00 109.00 OK
r-release-osx-x86_64 0.6-9 ERROR
r-oldrel-windows-ix86+x86_64 0.6-9 33.00 49.00 82.00 OK
r-oldrel-osx-x86_64 0.6-9 ERROR

Check Details

Version: 0.6-9
Check: whether package can be installed
Result: ERROR
    Installation failed.
Flavors: r-release-osx-x86_64, r-oldrel-osx-x86_64