Last updated on 2021-04-13 06:47:03 CEST.
Flavor | Version | Tinstall | Tcheck | Ttotal | Status | Flags |
---|---|---|---|---|---|---|
r-devel-linux-x86_64-debian-clang | 1.2 | 10.82 | 84.36 | 95.18 | OK | |
r-devel-linux-x86_64-debian-gcc | 1.2 | 8.52 | 61.91 | 70.43 | OK | |
r-devel-linux-x86_64-fedora-clang | 1.2 | 120.30 | NOTE | |||
r-devel-linux-x86_64-fedora-gcc | 1.2 | 118.52 | NOTE | |||
r-devel-windows-ix86+x86_64 | 1.2 | 18.00 | 100.00 | 118.00 | OK | |
r-devel-windows-x86_64-gcc10-UCRT | 1.2 | NOTE | ||||
r-patched-linux-x86_64 | 1.2 | 10.82 | 78.56 | 89.38 | OK | |
r-patched-solaris-x86 | 1.2 | 130.10 | NOTE | |||
r-release-linux-x86_64 | 1.2 | 10.16 | 78.93 | 89.09 | OK | |
r-release-macos-x86_64 | 1.2 | NOTE | ||||
r-release-windows-ix86+x86_64 | 1.2 | 14.00 | 100.00 | 114.00 | OK | |
r-oldrel-macos-x86_64 | 1.2 | NOTE | ||||
r-oldrel-windows-ix86+x86_64 | 1.2 | 15.00 | 78.00 | 93.00 | OK |
Version: 1.2
Check: dependencies in R code
Result: NOTE
Namespaces in Imports field not imported from:
‘R6’ ‘mgcv’
All declared Imports should be used.
Flavors: r-devel-linux-x86_64-fedora-clang, r-devel-linux-x86_64-fedora-gcc, r-devel-windows-x86_64-gcc10-UCRT, r-patched-solaris-x86, r-release-macos-x86_64, r-oldrel-macos-x86_64