CRAN Package Check Results for Package SARP.compo

Last updated on 2020-02-23 13:47:49 CET.

Flavor Version Tinstall Tcheck Ttotal Status Flags
r-devel-linux-x86_64-debian-clang 0.1.0 6.43 68.10 74.53 NOTE
r-devel-linux-x86_64-debian-gcc 0.1.0 5.13 52.04 57.17 NOTE
r-devel-linux-x86_64-fedora-clang 0.1.0 87.46 NOTE
r-devel-linux-x86_64-fedora-gcc 0.1.0 86.10 NOTE
r-devel-windows-ix86+x86_64 0.1.0 16.00 84.00 100.00 OK
r-devel-windows-ix86+x86_64-gcc8 0.1.0 28.00 117.00 145.00 OK
r-patched-linux-x86_64 0.1.0 OK
r-patched-solaris-x86 0.1.0 118.70 OK
r-release-linux-x86_64 0.1.0 4.88 59.72 64.60 OK
r-release-windows-ix86+x86_64 0.1.0 13.00 82.00 95.00 OK
r-release-osx-x86_64 0.1.0 OK
r-oldrel-windows-ix86+x86_64 0.1.0 9.00 80.00 89.00 OK
r-oldrel-osx-x86_64 0.1.0 OK

Check Details

Version: 0.1.0
Check: for non-standard things in the check directory
Result: NOTE
    Found the following files/directories:
     'fichier_test.csv'
Flavors: r-devel-linux-x86_64-debian-clang, r-devel-linux-x86_64-debian-gcc, r-devel-linux-x86_64-fedora-clang, r-devel-linux-x86_64-fedora-gcc