CRAN Package Check Results for Package SCORPIUS

Last updated on 2020-10-01 13:49:22 CEST.

Flavor Version Tinstall Tcheck Ttotal Status Flags
r-devel-linux-x86_64-debian-clang 1.0.7 12.94 273.43 286.37 OK
r-devel-linux-x86_64-debian-gcc 1.0.7 10.95 207.64 218.59 OK
r-devel-linux-x86_64-fedora-clang 1.0.7 344.58 OK
r-devel-linux-x86_64-fedora-gcc 1.0.7 330.69 OK
r-devel-windows-ix86+x86_64 1.0.7 30.00 279.00 309.00 OK
r-patched-linux-x86_64 1.0.7 10.88 260.30 271.18 OK
r-patched-solaris-x86 1.0.7 699.70 OK
r-release-linux-x86_64 1.0.7 11.50 263.11 274.61 OK
r-release-macos-x86_64 1.0.7 OK
r-release-windows-ix86+x86_64 1.0.7 30.00 277.00 307.00 OK
r-oldrel-macos-x86_64 1.0.7 ERROR
r-oldrel-windows-ix86+x86_64 1.0.7 26.00 270.00 296.00 OK

Check Details

Version: 1.0.7
Check: package dependencies
Result: ERROR
    Package required but not available: ‘dynwrap’
    
    See section ‘The DESCRIPTION file’ in the ‘Writing R Extensions’
    manual.
Flavor: r-oldrel-macos-x86_64