CRAN Package Check Results for Package SCORPIUS

Last updated on 2019-11-17 13:46:44 CET.

Flavor Version Tinstall Tcheck Ttotal Status Flags
r-devel-linux-x86_64-debian-clang 1.0.4.1 9.99 242.46 252.45 OK
r-devel-linux-x86_64-debian-gcc 1.0.4.1 9.53 188.36 197.89 OK
r-devel-linux-x86_64-fedora-clang 1.0.4.1 298.95 OK
r-devel-linux-x86_64-fedora-gcc 1.0.4.1 301.64 OK
r-devel-windows-ix86+x86_64 1.0.4.1 42.00 285.00 327.00 OK
r-patched-linux-x86_64 1.0.4.1 11.58 250.52 262.10 OK
r-patched-solaris-x86 1.0.4.1 676.50 OK
r-release-linux-x86_64 1.0.4.1 9.75 244.25 254.00 OK
r-release-windows-ix86+x86_64 1.0.4.1 22.00 288.00 310.00 OK
r-release-osx-x86_64 1.0.4.1 ERROR
r-oldrel-windows-ix86+x86_64 1.0.4.1 14.00 200.00 214.00 OK
r-oldrel-osx-x86_64 1.0.4.1 OK

Check Details

Version: 1.0.4.1
Check: package dependencies
Result: ERROR
    Package required but not available: ‘dyndimred’
    
    See section ‘The DESCRIPTION file’ in the ‘Writing R Extensions’
    manual.
Flavor: r-release-osx-x86_64