CRAN Package Check Results for Package SLOPE

Last updated on 2019-12-11 13:47:48 CET.

Flavor Version Tinstall Tcheck Ttotal Status Flags
r-devel-linux-x86_64-debian-clang 0.1.3 16.75 31.94 48.69 OK
r-devel-linux-x86_64-debian-gcc 0.1.3 10.01 25.07 35.08 OK
r-devel-linux-x86_64-fedora-clang 0.1.3 64.91 NOTE
r-devel-linux-x86_64-fedora-gcc 0.1.3 59.78 NOTE
r-devel-windows-ix86+x86_64 0.1.3 34.00 99.00 133.00 OK
r-devel-windows-ix86+x86_64-gcc8 0.1.3 36.00 92.00 128.00 OK
r-patched-linux-x86_64 0.1.3 11.95 29.80 41.75 OK
r-patched-solaris-x86 0.1.3 86.50 OK
r-release-linux-x86_64 0.1.3 10.81 30.02 40.83 OK
r-release-windows-ix86+x86_64 0.1.3 38.00 62.00 100.00 OK
r-release-osx-x86_64 0.1.3 OK
r-oldrel-windows-ix86+x86_64 0.1.3 26.00 58.00 84.00 OK
r-oldrel-osx-x86_64 0.1.3 OK

Check Details

Version: 0.1.3
Check: compiled code
Result: NOTE
    File ‘SLOPE/libs/SLOPE.so’:
     Found no calls to: ‘R_registerRoutines’, ‘R_useDynamicSymbols’
    
    It is good practice to register native routines and to disable symbol
    search.
    
    See ‘Writing portable packages’ in the ‘Writing R Extensions’ manual.
Flavors: r-devel-linux-x86_64-fedora-clang, r-devel-linux-x86_64-fedora-gcc