CRAN Package Check Results for Package SLOPE

Last updated on 2019-08-22 13:46:25 CEST.

Flavor Version Tinstall Tcheck Ttotal Status Flags
r-devel-linux-x86_64-debian-clang 0.1.3 14.17 29.65 43.82 OK
r-devel-linux-x86_64-debian-gcc 0.1.3 10.07 23.90 33.97 OK
r-devel-linux-x86_64-fedora-clang 0.1.3 63.46 NOTE
r-devel-linux-x86_64-fedora-gcc 0.1.3 56.59 NOTE
r-devel-windows-ix86+x86_64 0.1.3 49.00 98.00 147.00 OK
r-patched-linux-x86_64 0.1.3 11.46 29.70 41.16 OK
r-patched-solaris-x86 0.1.3 87.10 OK
r-release-linux-x86_64 0.1.3 12.34 29.37 41.71 OK
r-release-windows-ix86+x86_64 0.1.3 29.00 84.00 113.00 OK
r-release-osx-x86_64 0.1.3 OK
r-oldrel-windows-ix86+x86_64 0.1.3 38.00 77.00 115.00 OK
r-oldrel-osx-x86_64 0.1.3 OK

Check Details

Version: 0.1.3
Check: compiled code
Result: NOTE
    File ‘SLOPE/libs/SLOPE.so’:
     Found no calls to: ‘R_registerRoutines’, ‘R_useDynamicSymbols’
    
    It is good practice to register native routines and to disable symbol
    search.
    
    See ‘Writing portable packages’ in the ‘Writing R Extensions’ manual.
Flavors: r-devel-linux-x86_64-fedora-clang, r-devel-linux-x86_64-fedora-gcc