Last updated on 2021-01-18 06:46:50 CET.
Flavor | Version | Tinstall | Tcheck | Ttotal | Status | Flags |
---|---|---|---|---|---|---|
r-devel-linux-x86_64-debian-clang | 0.1.0 | 2.28 | 19.51 | 21.79 | OK | |
r-devel-linux-x86_64-debian-gcc | 0.1.0 | 1.81 | 15.90 | 17.71 | OK | |
r-devel-linux-x86_64-fedora-clang | 0.1.0 | 37.64 | NOTE | |||
r-devel-linux-x86_64-fedora-gcc | 0.1.0 | 25.11 | NOTE | |||
r-devel-windows-ix86+x86_64 | 0.1.0 | 5.00 | 27.00 | 32.00 | OK | |
r-patched-linux-x86_64 | 0.1.0 | 1.54 | 19.28 | 20.82 | OK | |
r-patched-solaris-x86 | 0.1.0 | 41.10 | NOTE | |||
r-release-linux-x86_64 | 0.1.0 | 2.18 | 19.04 | 21.22 | OK | |
r-release-macos-x86_64 | 0.1.0 | NOTE | ||||
r-release-windows-ix86+x86_64 | 0.1.0 | 6.00 | 28.00 | 34.00 | OK | |
r-oldrel-macos-x86_64 | 0.1.0 | NOTE | ||||
r-oldrel-windows-ix86+x86_64 | 0.1.0 | 4.00 | 26.00 | 30.00 | OK |
Version: 0.1.0
Check: dependencies in R code
Result: NOTE
Namespaces in Imports field not imported from:
‘Hmisc’ ‘corrgram’ ‘datasets’ ‘dplyr’ ‘psych’ ‘psycho’ ‘rpivotTable’
‘shiny’
All declared Imports should be used.
Flavors: r-devel-linux-x86_64-fedora-clang, r-devel-linux-x86_64-fedora-gcc, r-patched-solaris-x86, r-release-macos-x86_64, r-oldrel-macos-x86_64