CRAN Package Check Results for Package STMotif

Last updated on 2020-01-29 13:48:07 CET.

Flavor Version Tinstall Tcheck Ttotal Status Flags
r-devel-linux-x86_64-debian-clang 2.0.0 4.91 47.61 52.52 OK
r-devel-linux-x86_64-debian-gcc 2.0.0 3.83 36.62 40.45 OK
r-devel-linux-x86_64-fedora-clang 2.0.0 63.67 NOTE
r-devel-linux-x86_64-fedora-gcc 2.0.0 60.62 NOTE
r-devel-windows-ix86+x86_64 2.0.0 14.00 61.00 75.00 OK
r-devel-windows-ix86+x86_64-gcc8 2.0.0 18.00 68.00 86.00 OK
r-patched-linux-x86_64 2.0.0 OK
r-patched-solaris-x86 2.0.0 89.80 NOTE
r-release-linux-x86_64 2.0.0 3.94 41.19 45.13 OK
r-release-windows-ix86+x86_64 2.0.0 10.00 53.00 63.00 OK
r-release-osx-x86_64 2.0.0 NOTE
r-oldrel-windows-ix86+x86_64 2.0.0 17.00 153.00 170.00 OK
r-oldrel-osx-x86_64 2.0.0 NOTE

Check Details

Version: 2.0.0
Check: dependencies in R code
Result: NOTE
    Namespace in Imports field not imported from: ‘shiny’
     All declared Imports should be used.
Flavors: r-devel-linux-x86_64-fedora-clang, r-devel-linux-x86_64-fedora-gcc, r-patched-solaris-x86, r-release-osx-x86_64, r-oldrel-osx-x86_64