CRAN Package Check Results for Package STRMPS

Last updated on 2021-01-24 07:51:01 CET.

Flavor Version Tinstall Tcheck Ttotal Status Flags
r-devel-linux-x86_64-debian-clang 0.5.8 37.18 361.25 398.43 NOTE
r-devel-linux-x86_64-debian-gcc 0.5.8 33.21 269.52 302.73 NOTE
r-devel-linux-x86_64-fedora-clang 0.5.8 506.74 NOTE
r-devel-linux-x86_64-fedora-gcc 0.5.8 493.83 NOTE
r-devel-windows-ix86+x86_64 0.5.8 89.00 401.00 490.00 NOTE
r-patched-linux-x86_64 0.5.8 36.65 332.38 369.03 NOTE
r-patched-solaris-x86 0.5.8 668.20 NOTE
r-release-linux-x86_64 0.5.8 35.41 328.11 363.52 NOTE
r-release-macos-x86_64 0.5.8 NOTE
r-release-windows-ix86+x86_64 0.5.8 88.00 423.00 511.00 NOTE
r-oldrel-macos-x86_64 0.5.8 ERROR
r-oldrel-windows-ix86+x86_64 0.5.8 71.00 389.00 460.00 NOTE

Check Details

Version: 0.5.8
Check: package dependencies
Result: NOTE
    Package suggested but not available for checking: 'STRaitRazoR'
Flavors: r-devel-linux-x86_64-debian-clang, r-devel-linux-x86_64-debian-gcc, r-devel-linux-x86_64-fedora-clang, r-devel-linux-x86_64-fedora-gcc, r-devel-windows-ix86+x86_64, r-patched-linux-x86_64, r-patched-solaris-x86, r-release-linux-x86_64, r-release-macos-x86_64, r-release-windows-ix86+x86_64, r-oldrel-macos-x86_64, r-oldrel-windows-ix86+x86_64

Version: 0.5.8
Check: whether package can be installed
Result: ERROR
    Installation failed.
Flavor: r-oldrel-macos-x86_64