CRAN Package Check Results for Package SeqFeatR

Last updated on 2019-10-22 13:46:32 CEST.

Flavor Version Tinstall Tcheck Ttotal Status Flags
r-devel-linux-x86_64-debian-clang 0.3.1 36.60 212.87 249.47 NOTE
r-devel-linux-x86_64-debian-gcc 0.3.1 27.53 165.25 192.78 NOTE
r-devel-linux-x86_64-fedora-clang 0.3.1 301.80 NOTE
r-devel-linux-x86_64-fedora-gcc 0.3.1 296.17 NOTE
r-devel-windows-ix86+x86_64 0.3.1 46.00 190.00 236.00 OK
r-patched-linux-x86_64 0.3.1 37.56 206.13 243.69 OK
r-patched-solaris-x86 0.3.1 482.70 OK
r-release-linux-x86_64 0.3.1 32.67 206.98 239.65 OK
r-release-windows-ix86+x86_64 0.3.1 67.00 188.00 255.00 OK
r-release-osx-x86_64 0.3.1 WARN
r-oldrel-windows-ix86+x86_64 0.3.1 50.00 261.00 311.00 OK
r-oldrel-osx-x86_64 0.3.1 OK

Check Details

Version: 0.3.1
Check: for non-standard things in the check directory
Result: NOTE
    Found the following files/directories:
     'assocpointpair_result.csv' 'foundereffectfinder_result.csv'
     'getfreqs_result.csv' 'getfreqs_result.png' 'orPlot.pdf1_1.pdf'
     'orPlot.pdf2_1.pdf' 'orPlot.pdf3_1.pdf' 'orPlot.pdf4_1.pdf'
     'orPlot.pdf5_1.pdf' 'orPlot.pdf6_1.pdf' 'orPlot.pdf7_1.pdf'
     'orPlot.pdf8_1.pdf' 'q-values_result.csv' 'rewritetuple_result.csv'
     'tartan_plot.pdf' 'vispair_plot.pdf' 'vispairfeat_plot.pdf'
     'volcano_plot.pdf'
Flavors: r-devel-linux-x86_64-debian-clang, r-devel-linux-x86_64-debian-gcc, r-devel-linux-x86_64-fedora-clang, r-devel-linux-x86_64-fedora-gcc

Version: 0.3.1
Check: whether package can be installed
Result: WARN
    Found the following significant warnings:
     Warning: package ‘S4Vectors’ was built under R version 3.6.1
     Warning: package ‘IRanges’ was built under R version 3.6.1
Flavor: r-release-osx-x86_64

Version: 0.3.1
Check: dependencies in R code
Result: NOTE
    No protocol specified
    No protocol specified
    No protocol specified
Flavor: r-release-osx-x86_64

Version: 0.3.1
Check: S3 generic/method consistency
Result: WARN
    No protocol specified
    No protocol specified
    No protocol specified
    See section ‘Generic functions and methods’ in the ‘Writing R
    Extensions’ manual.
Flavor: r-release-osx-x86_64

Version: 0.3.1
Check: replacement functions
Result: WARN
    No protocol specified
    No protocol specified
    No protocol specified
    The argument of a replacement function which corresponds to the right
    hand side must be named ‘value’.
Flavor: r-release-osx-x86_64

Version: 0.3.1
Check: foreign function calls
Result: NOTE
    No protocol specified
    No protocol specified
    No protocol specified
    See chapter ‘System and foreign language interfaces’ in the ‘Writing R
    Extensions’ manual.
Flavor: r-release-osx-x86_64

Version: 0.3.1
Check: R code for possible problems
Result: NOTE
    No protocol specified
    No protocol specified
    No protocol specified
Flavor: r-release-osx-x86_64

Version: 0.3.1
Check: for missing documentation entries
Result: WARN
    No protocol specified
    No protocol specified
    No protocol specified
    All user-level objects in a package should have documentation entries.
    See chapter ‘Writing R documentation files’ in the ‘Writing R
    Extensions’ manual.
Flavor: r-release-osx-x86_64

Version: 0.3.1
Check: for code/documentation mismatches
Result: WARN
    No protocol specified
    No protocol specified
    No protocol specified
    No protocol specified
    No protocol specified
    No protocol specified
    No protocol specified
    No protocol specified
    No protocol specified
Flavor: r-release-osx-x86_64

Version: 0.3.1
Check: Rd \usage sections
Result: NOTE
    No protocol specified
    No protocol specified
    No protocol specified
    The \usage entries for S3 methods should use the \method markup and not
    their full name.
    See chapter ‘Writing R documentation files’ in the ‘Writing R
    Extensions’ manual.
Flavor: r-release-osx-x86_64