CRAN Package Check Results for Package SimRVPedigree

Last updated on 2020-02-17 13:49:52 CET.

Flavor Version Tinstall Tcheck Ttotal Status Flags
r-devel-linux-x86_64-debian-clang 0.4.4 8.57 313.22 321.79 OK
r-devel-linux-x86_64-debian-gcc 0.4.4 8.02 227.90 235.92 OK
r-devel-linux-x86_64-fedora-clang 0.4.4 381.50 NOTE
r-devel-linux-x86_64-fedora-gcc 0.4.4 388.44 NOTE
r-devel-windows-ix86+x86_64 0.4.4 16.00 304.00 320.00 OK
r-devel-windows-ix86+x86_64-gcc8 0.3.0 18.00 325.00 343.00 OK
r-patched-linux-x86_64 0.4.4 8.54 277.48 286.02 OK
r-patched-solaris-x86 0.4.4 362.70 NOTE
r-release-linux-x86_64 0.4.4 8.55 258.81 267.36 OK
r-release-windows-ix86+x86_64 0.4.4 15.00 252.00 267.00 OK
r-release-osx-x86_64 0.4.4 NOTE
r-oldrel-windows-ix86+x86_64 0.4.4 13.00 179.00 192.00 OK
r-oldrel-osx-x86_64 0.4.4 NOTE

Check Details

Version: 0.4.4
Check: dependencies in R code
Result: NOTE
    Namespace in Imports field not imported from: ‘dplyr’
     All declared Imports should be used.
Flavors: r-devel-linux-x86_64-fedora-clang, r-devel-linux-x86_64-fedora-gcc, r-patched-solaris-x86, r-release-osx-x86_64, r-oldrel-osx-x86_64