CRAN Package Check Results for Package SnowballC

Last updated on 2020-02-19 13:47:23 CET.

Flavor Version Tinstall Tcheck Ttotal Status Flags
r-devel-linux-x86_64-debian-clang 0.6.0 8.44 19.72 28.16 OK
r-devel-linux-x86_64-debian-gcc 0.6.0 5.08 16.41 21.49 OK
r-devel-linux-x86_64-fedora-clang 0.6.0 34.49 NOTE
r-devel-linux-x86_64-fedora-gcc 0.6.0 32.62 NOTE
r-devel-windows-ix86+x86_64 0.6.0 29.00 41.00 70.00 OK
r-devel-windows-ix86+x86_64-gcc8 0.6.0 43.00 54.00 97.00 OK
r-patched-linux-x86_64 0.6.0 6.00 18.22 24.22 OK
r-patched-solaris-x86 0.6.0 52.70 OK
r-release-linux-x86_64 0.6.0 5.69 18.27 23.96 OK
r-release-windows-ix86+x86_64 0.6.0 29.00 50.00 79.00 OK
r-release-osx-x86_64 0.6.0 OK
r-oldrel-windows-ix86+x86_64 0.6.0 27.00 37.00 64.00 OK
r-oldrel-osx-x86_64 0.6.0 OK

Check Details

Version: 0.6.0
Check: compiled code
Result: NOTE
    File ‘SnowballC/libs/SnowballC.so’:
     Found no calls to: ‘R_registerRoutines’, ‘R_useDynamicSymbols’
    
    It is good practice to register native routines and to disable symbol
    search.
    
    See ‘Writing portable packages’ in the ‘Writing R Extensions’ manual.
Flavors: r-devel-linux-x86_64-fedora-clang, r-devel-linux-x86_64-fedora-gcc