CRAN Package Check Results for Package SnowballC

Last updated on 2019-09-18 10:48:14 CEST.

Flavor Version Tinstall Tcheck Ttotal Status Flags
r-devel-linux-x86_64-debian-clang 0.6.0 7.63 18.44 26.07 OK
r-devel-linux-x86_64-debian-gcc 0.6.0 4.87 15.21 20.08 OK
r-devel-linux-x86_64-fedora-clang 0.6.0 32.72 NOTE
r-devel-linux-x86_64-fedora-gcc 0.6.0 30.60 NOTE
r-devel-windows-ix86+x86_64 0.6.0 29.00 53.00 82.00 OK
r-patched-linux-x86_64 0.6.0 5.40 18.46 23.86 OK
r-patched-solaris-x86 0.6.0 52.00 OK
r-release-linux-x86_64 0.6.0 5.70 18.30 24.00 OK
r-release-windows-ix86+x86_64 0.6.0 29.00 50.00 79.00 OK
r-release-osx-x86_64 0.6.0 OK
r-oldrel-windows-ix86+x86_64 0.6.0 27.00 37.00 64.00 OK
r-oldrel-osx-x86_64 0.6.0 OK

Check Details

Version: 0.6.0
Check: compiled code
Result: NOTE
    File ‘SnowballC/libs/SnowballC.so’:
     Found no calls to: ‘R_registerRoutines’, ‘R_useDynamicSymbols’
    
    It is good practice to register native routines and to disable symbol
    search.
    
    See ‘Writing portable packages’ in the ‘Writing R Extensions’ manual.
Flavors: r-devel-linux-x86_64-fedora-clang, r-devel-linux-x86_64-fedora-gcc