CRAN Package Check Results for Package SpaDES.addins

Last updated on 2020-01-23 11:47:39 CET.

Flavor Version Tinstall Tcheck Ttotal Status Flags
r-devel-linux-x86_64-debian-clang 0.1.2 20.29 153.97 174.26 OK
r-devel-linux-x86_64-debian-gcc 0.1.2 16.26 119.93 136.19 OK
r-devel-linux-x86_64-fedora-clang 0.1.2 214.37 NOTE
r-devel-linux-x86_64-fedora-gcc 0.1.2 209.43 NOTE
r-devel-windows-ix86+x86_64 0.1.2 69.00 220.00 289.00 OK
r-devel-windows-ix86+x86_64-gcc8 0.1.2 76.00 221.00 297.00 OK
r-patched-linux-x86_64 0.1.2 17.03 133.20 150.23 OK
r-patched-solaris-x86 0.1.2 318.10 NOTE
r-release-linux-x86_64 0.1.2 15.37 134.69 150.06 OK
r-release-windows-ix86+x86_64 0.1.2 41.00 128.00 169.00 OK
r-release-osx-x86_64 0.1.2 NOTE
r-oldrel-windows-ix86+x86_64 0.1.2 21.00 137.00 158.00 OK
r-oldrel-osx-x86_64 0.1.2 NOTE

Check Details

Version: 0.1.2
Check: dependencies in R code
Result: NOTE
    Namespaces in Imports field not imported from:
     ‘devtools’ ‘rstudioapi’
     All declared Imports should be used.
Flavors: r-devel-linux-x86_64-fedora-clang, r-devel-linux-x86_64-fedora-gcc, r-patched-solaris-x86, r-release-osx-x86_64, r-oldrel-osx-x86_64