CRAN Package Check Results for Package StanHeaders

Last updated on 2020-07-10 11:47:56 CEST.

Flavor Version Tinstall Tcheck Ttotal Status Flags
r-devel-linux-x86_64-debian-clang 2.21.0-5 29.10 400.59 429.69 OK
r-devel-linux-x86_64-debian-gcc 2.21.0-5 19.27 312.72 331.99 OK
r-devel-linux-x86_64-fedora-clang 2.21.0-5 514.60 NOTE
r-devel-linux-x86_64-fedora-gcc 2.21.0-5 529.09 OK
r-devel-windows-ix86+x86_64 2.21.0-5 91.00 536.00 627.00 NOTE
r-patched-linux-x86_64 2.21.0-5 22.16 444.85 467.01 OK
r-patched-solaris-x86 2.21.0-5 1154.40 NOTE
r-release-linux-x86_64 2.21.0-5 21.62 377.58 399.20 OK
r-release-osx-x86_64 2.21.0-5 NOTE
r-release-windows-ix86+x86_64 2.21.0-5 95.00 512.00 607.00 NOTE
r-oldrel-osx-x86_64 2.21.0-5 NOTE
r-oldrel-windows-ix86+x86_64 2.21.0-5 130.00 439.00 569.00 NOTE

Check Details

Version: 2.21.0-5
Check: installed package size
Result: NOTE
     installed size is 13.7Mb
     sub-directories of 1Mb or more:
     include 10.7Mb
     lib 2.9Mb
Flavors: r-devel-linux-x86_64-fedora-clang, r-devel-windows-ix86+x86_64, r-patched-solaris-x86, r-release-osx-x86_64, r-release-windows-ix86+x86_64, r-oldrel-osx-x86_64, r-oldrel-windows-ix86+x86_64