CRAN Package Check Results for Package TAShiny

Last updated on 2021-01-20 06:47:03 CET.

Flavor Version Tinstall Tcheck Ttotal Status Flags
r-devel-linux-x86_64-debian-clang 0.1.0 1.65 19.28 20.93 OK
r-devel-linux-x86_64-debian-gcc 0.1.0 1.54 15.66 17.20 OK
r-devel-linux-x86_64-fedora-clang 0.1.0 37.22 NOTE
r-devel-linux-x86_64-fedora-gcc 0.1.0 25.90 NOTE
r-devel-windows-ix86+x86_64 0.1.0 5.00 27.00 32.00 OK
r-patched-linux-x86_64 0.1.0 1.83 19.30 21.13 OK
r-patched-solaris-x86 0.1.0 42.50 NOTE
r-release-linux-x86_64 0.1.0 1.56 19.59 21.15 OK
r-release-macos-x86_64 0.1.0 NOTE
r-release-windows-ix86+x86_64 0.1.0 4.00 27.00 31.00 OK
r-oldrel-macos-x86_64 0.1.0 NOTE
r-oldrel-windows-ix86+x86_64 0.1.0 3.00 25.00 28.00 OK

Check Details

Version: 0.1.0
Check: dependencies in R code
Result: NOTE
    Namespaces in Imports field not imported from:
     ‘SnowballC’ ‘dplyr’ ‘igraph’ ‘tm’ ‘wordcloud2’
     All declared Imports should be used.
Flavors: r-devel-linux-x86_64-fedora-clang, r-devel-linux-x86_64-fedora-gcc, r-patched-solaris-x86, r-release-macos-x86_64, r-oldrel-macos-x86_64