CRAN Package Check Results for Package TIMP

Last updated on 2021-04-13 06:47:07 CEST.

Flavor Version Tinstall Tcheck Ttotal Status Flags
r-devel-linux-x86_64-debian-clang 1.13.2 23.89 132.12 156.01 NOTE
r-devel-linux-x86_64-debian-gcc 1.13.2 16.95 99.49 116.44 NOTE
r-devel-linux-x86_64-fedora-clang 1.13.2 185.20 NOTE
r-devel-linux-x86_64-fedora-gcc 1.13.2 181.49 NOTE
r-devel-windows-ix86+x86_64 1.13.2 36.00 218.00 254.00 OK
r-devel-windows-x86_64-gcc10-UCRT 1.13.2 OK
r-patched-linux-x86_64 1.13.2 17.17 123.81 140.98 NOTE
r-patched-solaris-x86 1.13.2 233.80 NOTE
r-release-linux-x86_64 1.13.2 17.76 122.09 139.85 NOTE
r-release-macos-x86_64 1.13.2 OK
r-release-windows-ix86+x86_64 1.13.2 25.00 221.00 246.00 OK
r-oldrel-macos-x86_64 1.13.2 OK
r-oldrel-windows-ix86+x86_64 1.13.2 31.00 149.00 180.00 OK

Check Details

Version: 1.13.2
Check: for non-standard things in the check directory
Result: NOTE
    Found the following files/directories:
     '_paramEst.txt'
Flavors: r-devel-linux-x86_64-debian-clang, r-devel-linux-x86_64-debian-gcc, r-devel-linux-x86_64-fedora-clang, r-devel-linux-x86_64-fedora-gcc, r-patched-linux-x86_64, r-patched-solaris-x86, r-release-linux-x86_64