CRAN Package Check Results for Package TROM

Last updated on 2019-11-21 08:49:59 CET.

Flavor Version Tinstall Tcheck Ttotal Status Flags
r-devel-linux-x86_64-debian-clang 1.3 16.21 133.93 150.14 OK
r-devel-linux-x86_64-debian-gcc 1.3 14.54 107.49 122.03 OK
r-devel-linux-x86_64-fedora-clang 1.3 172.09 OK
r-devel-linux-x86_64-fedora-gcc 1.3 174.32 OK
r-devel-windows-ix86+x86_64 1.3 48.00 193.00 241.00 OK
r-devel-windows-ix86+x86_64-gcc8 1.3 45.00 134.00 179.00 OK
r-patched-linux-x86_64 1.3 14.85 124.54 139.39 OK
r-patched-solaris-x86 1.3 246.70 OK
r-release-linux-x86_64 1.3 15.44 123.41 138.85 OK
r-release-windows-ix86+x86_64 1.3 48.00 172.00 220.00 OK
r-release-osx-x86_64 1.3 ERROR
r-oldrel-windows-ix86+x86_64 1.3 25.00 177.00 202.00 OK
r-oldrel-osx-x86_64 1.3 OK

Check Details

Version: 1.3
Check: package dependencies
Result: ERROR
    Package required but not available: ‘GO.db’
    
    See section ‘The DESCRIPTION file’ in the ‘Writing R Extensions’
    manual.
Flavor: r-release-osx-x86_64