CRAN Package Check Results for Package V8

Last updated on 2019-06-19 13:51:49 CEST.

Flavor Version Tinstall Tcheck Ttotal Status Flags
r-devel-linux-x86_64-debian-clang 2.2 19.44 50.79 70.23 OK
r-devel-linux-x86_64-debian-gcc 2.2 12.05 40.65 52.70 OK
r-devel-linux-x86_64-fedora-clang 2.2 65.71 OK
r-devel-linux-x86_64-fedora-gcc 2.2 63.12 OK
r-devel-windows-ix86+x86_64 2.2 212.00 245.00 457.00 NOTE
r-patched-linux-x86_64 2.2 19.14 50.89 70.03 OK
r-patched-solaris-x86 2.2 88.80 OK
r-release-linux-x86_64 2.2 19.73 50.91 70.64 OK
r-release-windows-ix86+x86_64 2.2 223.00 208.00 431.00 NOTE
r-release-osx-x86_64 2.2 WARN
r-oldrel-windows-ix86+x86_64 2.2 153.00 231.00 384.00 NOTE
r-oldrel-osx-x86_64 2.2 NOTE

Check Details

Version: 2.2
Check: installed package size
Result: NOTE
     installed size is 24.0Mb
     sub-directories of 1Mb or more:
     libs 23.2Mb
Flavors: r-devel-windows-ix86+x86_64, r-release-windows-ix86+x86_64, r-release-osx-x86_64, r-oldrel-windows-ix86+x86_64, r-oldrel-osx-x86_64

Version: 2.2
Check: re-building of vignette outputs
Result: WARN
    Error(s) in re-building vignettes:
     ...
    --- re-building ‘npm.Rmd’ using rmarkdown
    Warning in engine$weave(file, quiet = quiet, encoding = enc) :
     Pandoc (>= 1.12.3) and/or pandoc-citeproc not available. Falling back to R Markdown v1.
    Error: processing vignette 'npm.Rmd' failed with diagnostics:
    there is no package called 'stringi'
    --- failed re-building ‘npm.Rmd’
    
    --- re-building ‘v8_intro.Rmd’ using rmarkdown
    Warning in engine$weave(file, quiet = quiet, encoding = enc) :
     Pandoc (>= 1.12.3) and/or pandoc-citeproc not available. Falling back to R Markdown v1.
    Error: processing vignette 'v8_intro.Rmd' failed with diagnostics:
    there is no package called 'stringi'
    --- failed re-building ‘v8_intro.Rmd’
    
    SUMMARY: processing the following files failed:
     ‘npm.Rmd’ ‘v8_intro.Rmd’
    
    Error: Vignette re-building failed.
    Execution halted
Flavor: r-release-osx-x86_64