CRAN Package Check Results for Package V8

Last updated on 2019-09-19 13:46:25 CEST.

Flavor Version Tinstall Tcheck Ttotal Status Flags
r-devel-linux-x86_64-debian-clang 2.3 19.16 50.88 70.04 WARN
r-devel-linux-x86_64-debian-gcc 2.3 11.80 39.52 51.32 WARN
r-devel-linux-x86_64-fedora-clang 2.3 68.37 WARN
r-devel-linux-x86_64-fedora-gcc 2.3 65.52 WARN
r-devel-windows-ix86+x86_64 2.3 177.00 171.00 348.00 NOTE
r-patched-linux-x86_64 2.3 17.26 49.46 66.72 OK
r-patched-solaris-x86 2.3 85.30 OK
r-release-linux-x86_64 2.3 17.80 49.49 67.29 OK
r-release-windows-ix86+x86_64 2.3 155.00 179.00 334.00 NOTE
r-release-osx-x86_64 2.3 NOTE
r-oldrel-windows-ix86+x86_64 2.3 139.00 183.00 322.00 NOTE
r-oldrel-osx-x86_64 2.3 NOTE

Check Details

Version: 2.3
Check: whether package can be installed
Result: WARN
    Found the following significant warnings:
     'config' variable 'CXXCPP' is deprecated
Flavors: r-devel-linux-x86_64-debian-clang, r-devel-linux-x86_64-debian-gcc, r-devel-linux-x86_64-fedora-clang, r-devel-linux-x86_64-fedora-gcc

Version: 2.3
Check: installed package size
Result: NOTE
     installed size is 24.0Mb
     sub-directories of 1Mb or more:
     libs 23.2Mb
Flavors: r-devel-windows-ix86+x86_64, r-release-windows-ix86+x86_64, r-release-osx-x86_64, r-oldrel-windows-ix86+x86_64, r-oldrel-osx-x86_64