CRAN Package Check Results for Package VarBundle

Last updated on 2019-12-07 07:56:35 CET.

Flavor Version Tinstall Tcheck Ttotal Status Flags
r-devel-linux-x86_64-debian-clang 0.3.0 3.66 37.61 41.27 NOTE
r-devel-linux-x86_64-debian-gcc 0.3.0 2.82 28.90 31.72 NOTE
r-devel-linux-x86_64-fedora-clang 0.3.0 47.79 OK
r-devel-linux-x86_64-fedora-gcc 0.3.0 47.31 OK
r-devel-windows-ix86+x86_64 0.3.0 9.00 73.00 82.00 NOTE
r-devel-windows-ix86+x86_64-gcc8 0.3.0 13.00 54.00 67.00 NOTE
r-patched-linux-x86_64 0.3.0 3.19 33.64 36.83 OK
r-patched-solaris-x86 0.3.0 75.00 OK
r-release-linux-x86_64 0.3.0 3.21 33.27 36.48 OK
r-release-windows-ix86+x86_64 0.3.0 8.00 45.00 53.00 OK
r-release-osx-x86_64 0.3.0 OK
r-oldrel-windows-ix86+x86_64 0.3.0 5.00 72.00 77.00 OK
r-oldrel-osx-x86_64 0.3.0 OK

Check Details

Version: 0.3.0
Check: package vignettes
Result: NOTE
    Package vignette with placeholder title 'Vignette Title':
     'intro-to-varbundle.Rmd'
Flavors: r-devel-linux-x86_64-debian-clang, r-devel-linux-x86_64-debian-gcc, r-devel-windows-ix86+x86_64, r-devel-windows-ix86+x86_64-gcc8