CRAN Package Check Results for Package WRTDStidal

Last updated on 2019-12-05 13:47:02 CET.

Flavor Version Tinstall Tcheck Ttotal Status Flags
r-devel-linux-x86_64-debian-clang 1.1.2 22.48 321.83 344.31 OK
r-devel-linux-x86_64-debian-gcc 1.1.2 18.52 244.71 263.23 OK
r-devel-linux-x86_64-fedora-clang 1.1.2 377.30 OK
r-devel-linux-x86_64-fedora-gcc 1.1.2 375.39 OK
r-devel-windows-ix86+x86_64 1.1.2 46.00 431.00 477.00 OK
r-devel-windows-ix86+x86_64-gcc8 1.1.2 61.00 343.00 404.00 OK
r-patched-linux-x86_64 1.1.2 18.69 292.71 311.40 OK
r-patched-solaris-x86 1.1.2 465.50 WARN
r-release-linux-x86_64 1.1.2 19.49 293.87 313.36 OK
r-release-windows-ix86+x86_64 1.1.2 36.00 294.00 330.00 OK
r-release-osx-x86_64 1.1.2 WARN
r-oldrel-windows-ix86+x86_64 1.1.2 30.00 288.00 318.00 OK
r-oldrel-osx-x86_64 1.1.2 WARN

Check Details

Version: 1.1.2
Check: installed package size
Result: NOTE
     installed size is 5.2Mb
     sub-directories of 1Mb or more:
     doc 3.9Mb
Flavor: r-patched-solaris-x86

Version: 1.1.2
Check: re-building of vignette outputs
Result: WARN
    Error(s) in re-building vignettes:
     ...
    --- re-building ‘overview.Rmd’ using rmarkdown
    Warning in engine$weave(file, quiet = quiet, encoding = enc) :
     Pandoc (>= 1.12.3) and/or pandoc-citeproc not available. Falling back to R Markdown v1.
    Loading required package: ggplot2
    `geom_smooth()` using method = 'loess' and formula 'y ~ x'
    Warning: Removed 10 rows containing non-finite values (stat_smooth).
    Warning: Removed 8 rows containing missing values (geom_point).
    Warning: Removed 5 rows containing missing values (geom_path).
    Warning: Removed 10 rows containing missing values (geom_point).
    
    Attaching package: 'dplyr'
    
    The following objects are masked from 'package:stats':
    
     filter, lag
    
    The following objects are masked from 'package:base':
    
     intersect, setdiff, setequal, union
    
    
    Attaching package: 'plotly'
    
    The following object is masked from 'package:ggplot2':
    
     last_plot
    
    The following object is masked from 'package:stats':
    
     filter
    
    The following object is masked from 'package:graphics':
    
     layout
    
    Quitting from lines 214-234 (overview.Rmd)
    Error: processing vignette 'overview.Rmd' failed with diagnostics:
    there is no package called 'webshot'
    --- failed re-building ‘overview.Rmd’
    
    SUMMARY: processing the following file failed:
     ‘overview.Rmd’
    
    Error: Vignette re-building failed.
    Execution halted
Flavor: r-patched-solaris-x86

Version: 1.1.2
Check: re-building of vignette outputs
Result: WARN
    Error(s) in re-building vignettes:
    --- re-building ‘overview.Rmd’ using rmarkdown
    Warning in engine$weave(file, quiet = quiet, encoding = enc) :
     Pandoc (>= 1.12.3) and/or pandoc-citeproc not available. Falling back to R Markdown v1.
    Loading required package: ggplot2
    `geom_smooth()` using method = 'loess' and formula 'y ~ x'
    Warning: Removed 10 rows containing non-finite values (stat_smooth).
    Warning: Removed 8 rows containing missing values (geom_point).
    Warning: Removed 5 rows containing missing values (geom_path).
    Warning: Removed 10 rows containing missing values (geom_point).
    
    Attaching package: 'dplyr'
    
    The following objects are masked from 'package:stats':
    
     filter, lag
    
    The following objects are masked from 'package:base':
    
     intersect, setdiff, setequal, union
    
    
    Attaching package: 'plotly'
    
    The following object is masked from 'package:ggplot2':
    
     last_plot
    
    The following object is masked from 'package:stats':
    
     filter
    
    The following object is masked from 'package:graphics':
    
     layout
    
    PhantomJS not found. You can install it with webshot::install_phantomjs(). If it is installed, please make sure the phantomjs executable can be found via the PATH variable.
    Warning in normalizePath(f2) :
     path[1]="webshot13f204f5efc8.png": No such file or directory
    Warning in file(con, "rb") :
     cannot open file 'webshot13f204f5efc8.png': No such file or directory
    Quitting from lines 214-234 (overview.Rmd)
    Error: processing vignette 'overview.Rmd' failed with diagnostics:
    cannot open the connection
    --- failed re-building ‘overview.Rmd’
    
    SUMMARY: processing the following file failed:
     ‘overview.Rmd’
    
    Error: Vignette re-building failed.
    Execution halted
Flavor: r-release-osx-x86_64

Version: 1.1.2
Check: re-building of vignette outputs
Result: WARN
    Error in re-building vignettes:
     ...
    
    
    Attaching package: 'plotly'
    
    The following object is masked from 'package:ggplot2':
    
     last_plot
    
    The following object is masked from 'package:stats':
    
     filter
    
    The following object is masked from 'package:graphics':
    
     layout
    
    PhantomJS not found. You can install it with webshot::install_phantomjs(). If it is installed, please make sure the phantomjs executable can be found via the PATH variable.
    Warning in normalizePath(f2) :
     path[1]="webshotdf9e332da123.png": No such file or directory
    Warning in file(con, "rb") :
     cannot open file 'webshotdf9e332da123.png': No such file or directory
    Quitting from lines 214-234 (overview.Rmd)
    Error: processing vignette 'overview.Rmd' failed with diagnostics:
    cannot open the connection
    Execution halted
Flavor: r-oldrel-osx-x86_64