CRAN Package Check Results for Package XGR

Last updated on 2019-10-15 13:47:10 CEST.

Flavor Version Tinstall Tcheck Ttotal Status Flags
r-devel-linux-x86_64-debian-clang 1.1.6 32.91 242.43 275.34 OK
r-devel-linux-x86_64-debian-gcc 1.1.6 30.67 187.45 218.12 OK
r-devel-linux-x86_64-fedora-clang 1.1.6 331.09 OK
r-devel-linux-x86_64-fedora-gcc 1.1.6 329.45 OK
r-devel-windows-ix86+x86_64 1.1.6 63.00 271.00 334.00 OK
r-patched-linux-x86_64 1.1.6 34.20 230.90 265.10 OK
r-patched-solaris-x86 1.1.6 462.10 OK
r-release-linux-x86_64 1.1.6 33.30 232.81 266.11 OK
r-release-windows-ix86+x86_64 1.1.6 86.00 341.00 427.00 OK
r-release-osx-x86_64 1.1.6 ERROR
r-oldrel-windows-ix86+x86_64 1.1.6 41.00 214.00 255.00 OK
r-oldrel-osx-x86_64 1.1.6 NOTE

Check Details

Version: 1.1.6
Check: whether package can be installed
Result: ERROR
    Installation failed.
Flavor: r-release-osx-x86_64

Version: 1.1.6
Check: package dependencies
Result: NOTE
    Package suggested but not available for checking: ‘rtracklayer’
Flavor: r-oldrel-osx-x86_64